CRAN Package Check Results for Package zipfextR

Last updated on 2020-01-27 00:48:26 CET.

Flavor Version Tinstall Tcheck Ttotal Status Flags
r-devel-linux-x86_64-debian-clang 1.0.1 10.16 82.17 92.33 OK
r-devel-linux-x86_64-debian-gcc 1.0.1 9.11 65.38 74.49 OK
r-devel-linux-x86_64-fedora-clang 1.0.1 120.10 OK
r-devel-linux-x86_64-fedora-gcc 1.0.1 108.48 OK
r-devel-windows-ix86+x86_64 1.0.1 32.00 139.00 171.00 OK
r-devel-windows-ix86+x86_64-gcc8 1.0.1 33.00 141.00 174.00 OK
r-patched-linux-x86_64 1.0.1 9.96 73.23 83.19 OK
r-patched-solaris-x86 1.0.1 161.30 OK
r-release-linux-x86_64 1.0.1 9.10 71.73 80.83 OK
r-release-windows-ix86+x86_64 1.0.1 14.00 90.00 104.00 OK
r-release-osx-x86_64 1.0.1 NOTE
r-oldrel-windows-ix86+x86_64 1.0.1 10.00 102.00 112.00 OK
r-oldrel-osx-x86_64 1.0.1 NOTE

Check Details

Version: 1.0.1
Check: dependencies in R code
Result: NOTE
    No protocol specified
Flavors: r-release-osx-x86_64, r-oldrel-osx-x86_64