CRAN Package Check Results for Package zip

Last updated on 2020-01-27 00:48:26 CET.

Flavor Version Tinstall Tcheck Ttotal Status Flags
r-devel-linux-x86_64-debian-clang 2.0.4 16.87 22.58 39.45 OK
r-devel-linux-x86_64-debian-gcc 2.0.4 12.12 17.85 29.97 OK
r-devel-linux-x86_64-fedora-clang 2.0.4 53.01 OK
r-devel-linux-x86_64-fedora-gcc 2.0.4 48.97 OK
r-devel-windows-ix86+x86_64 2.0.4 89.00 71.00 160.00 OK
r-devel-windows-ix86+x86_64-gcc8 2.0.4 61.00 73.00 134.00 ERROR
r-patched-linux-x86_64 2.0.4 13.50 20.28 33.78 OK
r-patched-solaris-x86 2.0.4 64.20 OK
r-release-linux-x86_64 2.0.4 13.55 20.53 34.08 OK
r-release-windows-ix86+x86_64 2.0.4 49.00 48.00 97.00 OK
r-release-osx-x86_64 2.0.4 OK
r-oldrel-windows-ix86+x86_64 2.0.4 71.00 54.00 125.00 OK
r-oldrel-osx-x86_64 2.0.4 OK

Check Details

Version: 2.0.4
Check: running tests for arch ‘x64’
Result: ERROR
     Running 'testthat.R' [7s]
    Running the tests in 'tests/testthat.R' failed.
    Complete output:
     > library(testthat)
     > library(zip)
    
     Attaching package: 'zip'
    
     The following objects are masked from 'package:utils':
    
     unzip, zip
    
     >
     > test_check("zip")
     -- 1. Failure: zip_process (@test-zip-process.R#12) ---------------------------
     p$get_exit_status() not equal to 0L.
     1/1 mismatches
     [1] 10 - 0 == 10
    
     -- 2. Error: zip_process (@test-zip-process.R#13) -----------------------------
     Cannot open zip file `D:\temp\RtmpEPxmtm\test-file-747827b47687.zip`
     Backtrace:
     1. testthat::expect_equal(zip_list(z$zip), zip_list(zip2))
     4. zip::zip_list(zip2)
    
     -- 3. Failure: can omit directories (@test-zip-process.R#24) ------------------
     p$get_exit_status() not equal to 0L.
     1/1 mismatches
     [1] 10 - 0 == 10
    
     -- 4. Error: can omit directories (@test-zip-process.R#25) --------------------
     Cannot open zip file `D:\temp\RtmpEPxmtm\test-file-74787d6258c6.zip`
     Backtrace:
     1. testthat::expect_equal(zip_list(z$zip), zip_list(zip2))
     4. zip::zip_list(zip2)
    
     == testthat results ===========================================================
     [ OK: 216 | SKIPPED: 5 | WARNINGS: 0 | FAILED: 4 ]
     1. Failure: zip_process (@test-zip-process.R#12)
     2. Error: zip_process (@test-zip-process.R#13)
     3. Failure: can omit directories (@test-zip-process.R#24)
     4. Error: can omit directories (@test-zip-process.R#25)
    
     Error: testthat unit tests failed
     Execution halted
Flavor: r-devel-windows-ix86+x86_64-gcc8