CRAN Package Check Results for Package yamlet

Last updated on 2020-01-27 00:48:26 CET.

Flavor Version Tinstall Tcheck Ttotal Status Flags
r-devel-linux-x86_64-debian-clang 0.3.3 6.23 59.31 65.54 OK
r-devel-linux-x86_64-debian-gcc 0.3.3 5.37 45.53 50.90 OK
r-devel-linux-x86_64-fedora-clang 0.3.3 81.20 NOTE
r-devel-linux-x86_64-fedora-gcc 0.3.3 80.47 NOTE
r-devel-windows-ix86+x86_64 0.3.3 17.00 8.00 25.00 ERROR
r-devel-windows-ix86+x86_64-gcc8 0.3.1 20.00 93.00 113.00 OK
r-patched-linux-x86_64 0.3.3 4.70 51.81 56.51 OK
r-patched-solaris-x86 0.3.3 99.50 NOTE
r-release-linux-x86_64 0.3.3 5.23 52.28 57.51 OK
r-release-windows-ix86+x86_64 0.3.3 11.00 70.00 81.00 OK
r-release-osx-x86_64 0.3.3 NOTE
r-oldrel-windows-ix86+x86_64 0.3.3 12.00 98.00 110.00 OK
r-oldrel-osx-x86_64 0.3.3 NOTE

Check Details

Version: 0.3.3
Check: dependencies in R code
Result: NOTE
    Namespace in Imports field not imported from: ‘knitr’
     All declared Imports should be used.
Flavors: r-devel-linux-x86_64-fedora-clang, r-devel-linux-x86_64-fedora-gcc, r-patched-solaris-x86, r-release-osx-x86_64, r-oldrel-osx-x86_64

Version: 0.3.3
Check: whether package can be installed
Result: ERROR
    Installation failed.
Flavor: r-devel-windows-ix86+x86_64