Last updated on 2020-01-27 00:48:26 CET.
Flavor | Version | Tinstall | Tcheck | Ttotal | Status | Flags |
---|---|---|---|---|---|---|
r-devel-linux-x86_64-debian-clang | 2.2.0 | 6.96 | 19.24 | 26.20 | OK | |
r-devel-linux-x86_64-debian-gcc | 2.2.0 | 5.92 | 15.72 | 21.64 | WARN | |
r-devel-linux-x86_64-fedora-clang | 2.2.0 | 39.59 | OK | |||
r-devel-linux-x86_64-fedora-gcc | 2.2.0 | 37.05 | WARN | |||
r-devel-windows-ix86+x86_64 | 2.2.0 | 50.00 | 58.00 | 108.00 | WARN | |
r-devel-windows-ix86+x86_64-gcc8 | 2.2.0 | 32.00 | 52.00 | 84.00 | WARN | |
r-patched-linux-x86_64 | 2.2.0 | 5.39 | 18.03 | 23.42 | OK | |
r-patched-solaris-x86 | 2.2.0 | 53.80 | OK | |||
r-release-linux-x86_64 | 2.2.0 | 6.22 | 18.06 | 24.28 | OK | |
r-release-windows-ix86+x86_64 | 2.2.0 | 30.00 | 39.00 | 69.00 | OK | |
r-release-osx-x86_64 | 2.2.0 | OK | ||||
r-oldrel-windows-ix86+x86_64 | 2.2.0 | 59.00 | 49.00 | 108.00 | OK | |
r-oldrel-osx-x86_64 | 2.2.0 | OK |
Version: 2.2.0
Check: whether package can be installed
Result: WARN
Found the following significant warnings:
emitter.c:28:6: warning: value computed is not used [-Wunused-value]
Flavors: r-devel-linux-x86_64-debian-gcc, r-devel-linux-x86_64-fedora-gcc, r-devel-windows-ix86+x86_64, r-devel-windows-ix86+x86_64-gcc8