CRAN Package Check Results for Package xnet

Last updated on 2020-01-27 00:48:26 CET.

Flavor Version Tinstall Tcheck Ttotal Status Flags
r-devel-linux-x86_64-debian-clang 0.1.10 6.16 54.92 61.08 OK
r-devel-linux-x86_64-debian-gcc 0.1.10 5.05 42.61 47.66 OK
r-devel-linux-x86_64-fedora-clang 0.1.10 77.16 OK
r-devel-linux-x86_64-fedora-gcc 0.1.10 74.17 OK
r-devel-windows-ix86+x86_64 0.1.10 21.00 94.00 115.00 OK
r-devel-windows-ix86+x86_64-gcc8 0.1.10 22.00 68.00 90.00 OK
r-patched-linux-x86_64 0.1.10 4.58 49.45 54.03 OK
r-patched-solaris-x86 0.1.10 88.80 NOTE
r-release-linux-x86_64 0.1.10 5.54 49.72 55.26 OK
r-release-windows-ix86+x86_64 0.1.10 11.00 65.00 76.00 OK
r-release-osx-x86_64 0.1.10 NOTE
r-oldrel-windows-ix86+x86_64 0.1.10 7.00 57.00 64.00 OK
r-oldrel-osx-x86_64 0.1.10 NOTE

Additional issues

noLD

Check Details

Version: 0.1.10
Check: package dependencies
Result: NOTE
    Packages suggested but not available for checking: 'ChemmineR', 'fmcsR'
Flavors: r-patched-solaris-x86, r-release-osx-x86_64

Version: 0.1.10
Check: package dependencies
Result: NOTE
    Packages suggested but not available for checking: ‘ChemmineR’ ‘fmcsR’
Flavor: r-oldrel-osx-x86_64