CRAN Package Check Results for Package wpp2010

Last updated on 2020-01-27 00:48:26 CET.

Flavor Version Tinstall Tcheck Ttotal Status Flags
r-devel-linux-x86_64-debian-clang 1.2-0 1.65 21.58 23.23 NOTE
r-devel-linux-x86_64-debian-gcc 1.2-0 1.56 17.78 19.34 NOTE
r-devel-linux-x86_64-fedora-clang 1.2-0 30.26 NOTE
r-devel-linux-x86_64-fedora-gcc 1.2-0 29.55 NOTE
r-devel-windows-ix86+x86_64 1.2-0 10.00 50.00 60.00 NOTE
r-devel-windows-ix86+x86_64-gcc8 1.2-0 7.00 46.00 53.00 NOTE
r-patched-linux-x86_64 1.2-0 1.80 20.25 22.05 NOTE
r-patched-solaris-x86 1.2-0 43.20 NOTE
r-release-linux-x86_64 1.2-0 1.63 20.35 21.98 NOTE
r-release-windows-ix86+x86_64 1.2-0 6.00 46.00 52.00 NOTE
r-release-osx-x86_64 1.2-0 NOTE
r-oldrel-windows-ix86+x86_64 1.2-0 5.00 24.00 29.00 NOTE
r-oldrel-osx-x86_64 1.2-0 NOTE

Check Details

Version: 1.2-0
Check: DESCRIPTION meta-information
Result: NOTE
    Malformed Description field: should contain one or more complete sentences.
Flavors: r-devel-linux-x86_64-debian-clang, r-devel-linux-x86_64-debian-gcc, r-devel-linux-x86_64-fedora-clang, r-devel-linux-x86_64-fedora-gcc, r-devel-windows-ix86+x86_64, r-devel-windows-ix86+x86_64-gcc8, r-patched-linux-x86_64, r-patched-solaris-x86, r-release-linux-x86_64, r-release-windows-ix86+x86_64, r-release-osx-x86_64, r-oldrel-windows-ix86+x86_64, r-oldrel-osx-x86_64

Version: 1.2-0
Check: installed package size
Result: NOTE
     installed size is 6.7Mb
     sub-directories of 1Mb or more:
     data 6.6Mb
Flavors: r-devel-linux-x86_64-fedora-clang, r-devel-windows-ix86+x86_64, r-devel-windows-ix86+x86_64-gcc8, r-patched-solaris-x86, r-release-windows-ix86+x86_64, r-release-osx-x86_64, r-oldrel-windows-ix86+x86_64, r-oldrel-osx-x86_64