CRAN Package Check Results for Package wiseR

Last updated on 2020-01-27 00:48:26 CET.

Flavor Version Tinstall Tcheck Ttotal Status Flags
r-devel-linux-x86_64-debian-clang 1.0.1 2.83 18.53 21.36 OK
r-devel-linux-x86_64-debian-gcc 1.0.1 2.35 14.90 17.25 OK
r-devel-linux-x86_64-fedora-clang 1.0.1 26.21 NOTE
r-devel-linux-x86_64-fedora-gcc 1.0.1 24.98 NOTE
r-devel-windows-ix86+x86_64 1.0.1 12.00 43.00 55.00 NOTE
r-devel-windows-ix86+x86_64-gcc8 1.0.1 14.00 33.00 47.00 NOTE
r-patched-linux-x86_64 1.0.1 2.13 17.36 19.49 OK
r-patched-solaris-x86 1.0.1 38.90 NOTE
r-release-linux-x86_64 1.0.1 2.19 17.11 19.30 OK
r-release-windows-ix86+x86_64 1.0.1 5.00 32.00 37.00 NOTE
r-release-osx-x86_64 1.0.1 NOTE
r-oldrel-windows-ix86+x86_64 1.0.1 4.00 27.00 31.00 NOTE
r-oldrel-osx-x86_64 1.0.1 NOTE

Check Details

Version: 1.0.1
Check: package dependencies
Result: NOTE
    Imports includes 22 non-default packages.
    Importing from so many packages makes the package vulnerable to any of
    them becoming unavailable. Move as many as possible to Suggests and
    use conditionally.
Flavor: r-devel-linux-x86_64-fedora-clang

Version: 1.0.1
Check: installed package size
Result: NOTE
     installed size is 7.2Mb
     sub-directories of 1Mb or more:
     bn 7.1Mb
Flavors: r-devel-linux-x86_64-fedora-clang, r-devel-windows-ix86+x86_64, r-devel-windows-ix86+x86_64-gcc8, r-patched-solaris-x86, r-release-windows-ix86+x86_64, r-release-osx-x86_64, r-oldrel-windows-ix86+x86_64, r-oldrel-osx-x86_64

Version: 1.0.1
Check: dependencies in R code
Result: NOTE
    Namespaces in Imports field not imported from:
     ‘DT’ ‘DescTools’ ‘HydeNet’ ‘RBGL’ ‘Rgraphviz’ ‘arules’ ‘bnlearn’
     ‘dplyr’ ‘graph’ ‘igraph’ ‘linkcomm’ ‘missRanger’ ‘parallel’ ‘psych’
     ‘rhandsontable’ ‘rintrojs’ ‘shinyBS’ ‘shinyWidgets’ ‘shinyalert’
     ‘shinycssloaders’ ‘shinydashboard’ ‘tools’ ‘visNetwork’
     All declared Imports should be used.
Flavors: r-devel-linux-x86_64-fedora-clang, r-devel-linux-x86_64-fedora-gcc, r-patched-solaris-x86, r-release-osx-x86_64, r-oldrel-osx-x86_64