CRAN Package Check Results for Package wikilake

Last updated on 2020-01-27 00:48:26 CET.

Flavor Version Tinstall Tcheck Ttotal Status Flags
r-devel-linux-x86_64-debian-clang 0.4 4.82 41.06 45.88 OK
r-devel-linux-x86_64-debian-gcc 0.4 3.36 32.06 35.42 OK
r-devel-linux-x86_64-fedora-clang 0.4 56.08 NOTE
r-devel-linux-x86_64-fedora-gcc 0.4 54.29 NOTE
r-devel-windows-ix86+x86_64 0.4 15.00 78.00 93.00 OK
r-devel-windows-ix86+x86_64-gcc8 0.4 19.00 61.00 80.00 OK
r-patched-linux-x86_64 0.4 3.56 37.21 40.77 OK
r-patched-solaris-x86 0.4 80.20 NOTE
r-release-linux-x86_64 0.4 3.39 37.00 40.39 OK
r-release-windows-ix86+x86_64 0.4 11.00 56.00 67.00 OK
r-release-osx-x86_64 0.4 NOTE
r-oldrel-windows-ix86+x86_64 0.4 5.00 51.00 56.00 OK
r-oldrel-osx-x86_64 0.4 NOTE

Check Details

Version: 0.4
Check: data for non-ASCII characters
Result: NOTE
     Note: found 2 marked UTF-8 strings
Flavors: r-devel-linux-x86_64-fedora-clang, r-devel-linux-x86_64-fedora-gcc, r-patched-solaris-x86, r-release-osx-x86_64, r-oldrel-osx-x86_64