CRAN Package Check Results for Package wicket

Last updated on 2020-01-27 00:48:26 CET.

Flavor Version Tinstall Tcheck Ttotal Status Flags
r-devel-linux-x86_64-debian-clang 0.4.0 186.22 28.24 214.46 OK
r-devel-linux-x86_64-debian-gcc 0.4.0 122.58 22.87 145.45 OK
r-devel-linux-x86_64-fedora-clang 0.4.0 278.11 NOTE
r-devel-linux-x86_64-fedora-gcc 0.4.0 266.30 OK
r-devel-windows-ix86+x86_64 0.4.0 460.00 88.00 548.00 OK
r-devel-windows-ix86+x86_64-gcc8 0.4.0 396.00 77.00 473.00 OK
r-patched-linux-x86_64 0.4.0 143.44 26.00 169.44 OK
r-patched-solaris-x86 0.4.0 228.20 OK
r-release-linux-x86_64 0.4.0 141.88 25.88 167.76 OK
r-release-windows-ix86+x86_64 0.4.0 294.00 65.00 359.00 OK
r-release-osx-x86_64 0.4.0 NOTE
r-oldrel-windows-ix86+x86_64 0.4.0 302.00 64.00 366.00 OK
r-oldrel-osx-x86_64 0.4.0 NOTE

Check Details

Version: 0.4.0
Check: installed package size
Result: NOTE
     installed size is 17.6Mb
     sub-directories of 1Mb or more:
     libs 17.4Mb
Flavors: r-devel-linux-x86_64-fedora-clang, r-release-osx-x86_64, r-oldrel-osx-x86_64