CRAN Package Check Results for Package whereport

Last updated on 2020-01-27 00:48:26 CET.

Flavor Version Tinstall Tcheck Ttotal Status Flags
r-devel-linux-x86_64-debian-clang 0.1 2.20 22.07 24.27 OK
r-devel-linux-x86_64-debian-gcc 0.1 1.78 17.61 19.39 OK
r-devel-linux-x86_64-fedora-clang 0.1 29.86 NOTE
r-devel-linux-x86_64-fedora-gcc 0.1 28.79 NOTE
r-devel-windows-ix86+x86_64 0.1 10.00 60.00 70.00 OK
r-devel-windows-ix86+x86_64-gcc8 0.1 9.00 55.00 64.00 OK
r-patched-linux-x86_64 0.1 1.55 20.20 21.75 NOTE
r-patched-solaris-x86 0.1 41.80 NOTE
r-release-linux-x86_64 0.1 1.56 20.35 21.91 NOTE
r-release-windows-ix86+x86_64 0.1 6.00 34.00 40.00 OK
r-release-osx-x86_64 0.1 NOTE
r-oldrel-windows-ix86+x86_64 0.1 3.00 39.00 42.00 OK
r-oldrel-osx-x86_64 0.1 NOTE

Check Details

Version: 0.1
Check: data for non-ASCII characters
Result: NOTE
     Note: found 4102 marked UTF-8 strings
Flavors: r-devel-linux-x86_64-fedora-clang, r-devel-linux-x86_64-fedora-gcc, r-patched-solaris-x86, r-release-osx-x86_64, r-oldrel-osx-x86_64

Version: 0.1
Check: DESCRIPTION meta-information
Result: NOTE
    Dependence on R version ‘3.4.2’ not with patchlevel 0
Flavors: r-patched-linux-x86_64, r-release-linux-x86_64