CRAN Package Check Results for Package weco

Last updated on 2020-01-27 00:48:26 CET.

Flavor Version Tinstall Tcheck Ttotal Status Flags
r-devel-linux-x86_64-debian-clang 1.2 2.98 22.69 25.67 NOTE
r-devel-linux-x86_64-debian-gcc 1.2 2.23 18.50 20.73 NOTE
r-devel-linux-x86_64-fedora-clang 1.2 32.69 OK
r-devel-linux-x86_64-fedora-gcc 1.2 31.71 OK
r-devel-windows-ix86+x86_64 1.2 15.00 60.00 75.00 NOTE
r-devel-windows-ix86+x86_64-gcc8 1.2 12.00 45.00 57.00 NOTE
r-patched-linux-x86_64 1.2 2.14 21.08 23.22 OK
r-patched-solaris-x86 1.2 43.40 OK
r-release-linux-x86_64 1.2 2.16 21.25 23.41 OK
r-release-windows-ix86+x86_64 1.2 8.00 43.00 51.00 OK
r-release-osx-x86_64 1.2 OK
r-oldrel-windows-ix86+x86_64 1.2 6.00 36.00 42.00 OK
r-oldrel-osx-x86_64 1.2 OK

Check Details

Version: 1.2
Check: package vignettes
Result: NOTE
    Package vignette with placeholder title 'Vignette Title':
     'weco-vignette.Rmd'
Flavors: r-devel-linux-x86_64-debian-clang, r-devel-linux-x86_64-debian-gcc, r-devel-windows-ix86+x86_64, r-devel-windows-ix86+x86_64-gcc8