CRAN Package Check Results for Package wavScalogram

Last updated on 2020-01-27 00:48:26 CET.

Flavor Version Tinstall Tcheck Ttotal Status Flags
r-devel-linux-x86_64-debian-clang 1.0.0 6.14 47.79 53.93 OK
r-devel-linux-x86_64-debian-gcc 1.0.0 4.66 37.04 41.70 OK
r-devel-linux-x86_64-fedora-clang 1.0.0 65.53 NOTE
r-devel-linux-x86_64-fedora-gcc 1.0.0 64.38 NOTE
r-devel-windows-ix86+x86_64 1.0.0 15.00 90.00 105.00 OK
r-devel-windows-ix86+x86_64-gcc8 1.0.0 18.00 85.00 103.00 OK
r-patched-linux-x86_64 1.0.0 5.37 43.77 49.14 OK
r-patched-solaris-x86 1.0.0 83.80 NOTE
r-release-linux-x86_64 1.0.0 5.82 43.74 49.56 OK
r-release-windows-ix86+x86_64 1.0.0 11.00 57.00 68.00 OK
r-release-osx-x86_64 1.0.0 NOTE
r-oldrel-windows-ix86+x86_64 1.0.0 6.00 73.00 79.00 OK
r-oldrel-osx-x86_64 1.0.0 NOTE

Check Details

Version: 1.0.0
Check: dependencies in R code
Result: NOTE
    Namespaces in Imports field not imported from:
     ‘Matrix’ ‘zoo’
     All declared Imports should be used.
Flavors: r-devel-linux-x86_64-fedora-clang, r-devel-linux-x86_64-fedora-gcc, r-patched-solaris-x86, r-release-osx-x86_64, r-oldrel-osx-x86_64