CRAN Package Check Results for Package warbleR

Last updated on 2020-01-27 00:48:26 CET.

Flavor Version Tinstall Tcheck Ttotal Status Flags
r-devel-linux-x86_64-debian-clang 1.1.20 37.76 216.25 254.01 OK
r-devel-linux-x86_64-debian-gcc 1.1.20 25.82 160.27 186.09 OK
r-devel-linux-x86_64-fedora-clang 1.1.20 289.85 NOTE
r-devel-linux-x86_64-fedora-gcc 1.1.20 290.86 OK
r-devel-windows-ix86+x86_64 1.1.20 62.00 296.00 358.00 NOTE
r-devel-windows-ix86+x86_64-gcc8 1.1.20 64.00 229.00 293.00 NOTE
r-patched-linux-x86_64 1.1.20 25.44 191.12 216.56 OK
r-patched-solaris-x86 1.1.20 312.60 NOTE
r-release-linux-x86_64 1.1.20 26.49 193.11 219.60 OK
r-release-windows-ix86+x86_64 1.1.20 43.00 195.00 238.00 NOTE
r-release-osx-x86_64 1.1.20 NOTE
r-oldrel-windows-ix86+x86_64 1.1.20 35.00 177.00 212.00 NOTE
r-oldrel-osx-x86_64 1.1.20 NOTE

Check Details

Version: 1.1.20
Check: installed package size
Result: NOTE
     installed size is 7.9Mb
     sub-directories of 1Mb or more:
     R 1.1Mb
     doc 6.4Mb
Flavors: r-devel-linux-x86_64-fedora-clang, r-devel-windows-ix86+x86_64, r-devel-windows-ix86+x86_64-gcc8, r-patched-solaris-x86, r-release-windows-ix86+x86_64, r-release-osx-x86_64, r-oldrel-windows-ix86+x86_64, r-oldrel-osx-x86_64

Version: 1.1.20
Check: package dependencies
Result: NOTE
    Package suggested but not available for checking: ‘bioacoustics’
Flavors: r-release-osx-x86_64, r-oldrel-osx-x86_64

Version: 1.1.20
Check: Rd cross-references
Result: NOTE
    Package unavailable to check Rd xrefs: ‘bioacoustics’
Flavors: r-release-osx-x86_64, r-oldrel-osx-x86_64