CRAN Package Check Results for Package wactor

Last updated on 2020-01-27 00:48:26 CET.

Flavor Version Tinstall Tcheck Ttotal Status Flags
r-devel-linux-x86_64-debian-clang 0.0.1 3.62 33.24 36.86 OK
r-devel-linux-x86_64-debian-gcc 0.0.1 2.67 25.72 28.39 OK
r-devel-linux-x86_64-fedora-clang 0.0.1 43.59 NOTE
r-devel-linux-x86_64-fedora-gcc 0.0.1 42.88 NOTE
r-devel-windows-ix86+x86_64 0.0.1 14.00 67.00 81.00 OK
r-devel-windows-ix86+x86_64-gcc8 0.0.1 11.00 68.00 79.00 OK
r-patched-linux-x86_64 0.0.1 2.23 29.41 31.64 OK
r-patched-solaris-x86 0.0.1 61.20 NOTE
r-release-linux-x86_64 0.0.1 2.63 29.58 32.21 OK
r-release-windows-ix86+x86_64 0.0.1 5.00 42.00 47.00 OK
r-release-osx-x86_64 0.0.1 NOTE
r-oldrel-windows-ix86+x86_64 0.0.1 3.00 50.00 53.00 OK
r-oldrel-osx-x86_64 0.0.1 NOTE

Check Details

Version: 0.0.1
Check: dependencies in R code
Result: NOTE
    Namespaces in Imports field not imported from:
     ‘Matrix’ ‘R6’
     All declared Imports should be used.
Flavors: r-devel-linux-x86_64-fedora-clang, r-devel-linux-x86_64-fedora-gcc, r-patched-solaris-x86, r-release-osx-x86_64, r-oldrel-osx-x86_64