CRAN Package Check Results for Package visTree

Last updated on 2020-01-27 00:48:26 CET.

Flavor Version Tinstall Tcheck Ttotal Status Flags
r-devel-linux-x86_64-debian-clang 0.8.1 7.72 71.56 79.28 OK
r-devel-linux-x86_64-debian-gcc 0.8.1 6.85 57.76 64.61 OK
r-devel-linux-x86_64-fedora-clang 0.8.1 97.96 NOTE
r-devel-linux-x86_64-fedora-gcc 0.8.1 97.55 NOTE
r-devel-windows-ix86+x86_64 0.8.1 21.00 112.00 133.00 OK
r-devel-windows-ix86+x86_64-gcc8 0.8.1 21.00 78.00 99.00 OK
r-patched-linux-x86_64 0.8.1 6.64 65.56 72.20 OK
r-patched-solaris-x86 0.8.1 135.40 NOTE
r-release-linux-x86_64 0.8.1 5.95 65.25 71.20 OK
r-release-windows-ix86+x86_64 0.8.1 13.00 74.00 87.00 OK
r-release-osx-x86_64 0.8.1 NOTE
r-oldrel-windows-ix86+x86_64 0.8.1 7.00 71.00 78.00 OK
r-oldrel-osx-x86_64 0.8.1 NOTE

Check Details

Version: 0.8.1
Check: dependencies in R code
Result: NOTE
    Namespace in Imports field not imported from: ‘rpart’
     All declared Imports should be used.
Flavors: r-devel-linux-x86_64-fedora-clang, r-devel-linux-x86_64-fedora-gcc, r-patched-solaris-x86, r-release-osx-x86_64, r-oldrel-osx-x86_64