Last updated on 2020-01-27 00:48:26 CET.
Flavor | Version | Tinstall | Tcheck | Ttotal | Status | Flags |
---|---|---|---|---|---|---|
r-devel-linux-x86_64-debian-clang | 0.3.0 | 1.18 | 21.61 | 22.79 | OK | |
r-devel-linux-x86_64-debian-gcc | 0.3.0 | 1.38 | 17.21 | 18.59 | OK | |
r-devel-linux-x86_64-fedora-clang | 0.3.0 | 30.09 | OK | |||
r-devel-linux-x86_64-fedora-gcc | 0.3.0 | 28.43 | OK | |||
r-devel-windows-ix86+x86_64 | 0.3.0 | 9.00 | 48.00 | 57.00 | OK | |
r-devel-windows-ix86+x86_64-gcc8 | 0.3.0 | 11.00 | 49.00 | 60.00 | OK | |
r-patched-linux-x86_64 | 0.3.0 | 1.06 | 19.86 | 20.92 | OK | |
r-patched-solaris-x86 | 0.3.0 | 40.80 | OK | |||
r-release-linux-x86_64 | 0.3.0 | 1.41 | 20.16 | 21.57 | OK | |
r-release-windows-ix86+x86_64 | 0.3.0 | 10.00 | 32.00 | 42.00 | OK | |
r-release-osx-x86_64 | 0.3.0 | OK | ||||
r-oldrel-windows-ix86+x86_64 | 0.3.0 | 5.00 | 41.00 | 46.00 | OK | |
r-oldrel-osx-x86_64 | 0.3.0 | ERROR |
Version: 0.3.0
Check: examples
Result: ERROR
Running examples in ‘viridisLite-Ex.R’ failed
The error most likely occurred in:
> ### Name: viridis
> ### Title: Matplotlib 'viridis' and 'cividis' color map
> ### Aliases: viridis viridisMap magma inferno plasma cividis
>
> ### ** Examples
>
> library(ggplot2)
Warning: S3 methods ‘.DollarNames.C++Object’, ‘.DollarNames.Module’, ‘print.bytes’, ‘format.Rcpp_stack_trace’, ‘str.Rcpp_stack_trace’, ‘print.Rcpp_stack_trace’ were declared in NAMESPACE but not found
Error: package or namespace load failed for ‘ggplot2’ in library.dynam(lib, package, package.lib):
shared object ‘Rcpp.so’ not found
Execution halted
Flavor: r-oldrel-osx-x86_64