Last updated on 2020-01-27 00:48:26 CET.
Flavor | Version | Tinstall | Tcheck | Ttotal | Status | Flags |
---|---|---|---|---|---|---|
r-devel-linux-x86_64-debian-clang | 0.7.0 | 123.65 | 206.11 | 329.76 | OK | |
r-devel-linux-x86_64-debian-gcc | 0.7.0 | 131.57 | 140.72 | 272.29 | OK | |
r-devel-linux-x86_64-fedora-clang | 0.7.0 | 457.99 | NOTE | |||
r-devel-linux-x86_64-fedora-gcc | 0.7.0 | 481.34 | OK | |||
r-devel-windows-ix86+x86_64 | 0.7.0 | 251.00 | 465.00 | 716.00 | NOTE | |
r-devel-windows-ix86+x86_64-gcc8 | 0.7.0 | 311.00 | 395.00 | 706.00 | NOTE | |
r-patched-linux-x86_64 | 0.7.0 | 132.27 | 209.35 | 341.62 | OK | |
r-patched-solaris-x86 | 0.7.0 | 593.10 | OK | |||
r-release-linux-x86_64 | 0.7.0 | 135.25 | 203.21 | 338.46 | OK | |
r-release-windows-ix86+x86_64 | 0.7.0 | 249.00 | 392.00 | 641.00 | NOTE | |
r-release-osx-x86_64 | 0.7.0 | NOTE | ||||
r-oldrel-windows-ix86+x86_64 | 0.7.0 | 232.00 | 373.00 | 605.00 | NOTE | |
r-oldrel-osx-x86_64 | 0.7.0 | NOTE |
Version: 0.7.0
Check: installed package size
Result: NOTE
installed size is 48.8Mb
sub-directories of 1Mb or more:
doc 1.0Mb
libs 47.5Mb
Flavors: r-devel-linux-x86_64-fedora-clang, r-devel-windows-ix86+x86_64, r-devel-windows-ix86+x86_64-gcc8, r-release-windows-ix86+x86_64, r-release-osx-x86_64, r-oldrel-windows-ix86+x86_64, r-oldrel-osx-x86_64