CRAN Package Check Results for Package viewshed3d

Last updated on 2020-01-27 00:48:26 CET.

Flavor Version Tinstall Tcheck Ttotal Status Flags
r-devel-linux-x86_64-debian-clang 3.0.0 3.76 42.24 46.00 OK
r-devel-linux-x86_64-debian-gcc 3.0.0 3.04 32.51 35.55 OK
r-devel-linux-x86_64-fedora-clang 3.0.0 56.08 NOTE
r-devel-linux-x86_64-fedora-gcc 3.0.0 54.53 NOTE
r-devel-windows-ix86+x86_64 3.0.0 18.00 68.00 86.00 OK
r-devel-windows-ix86+x86_64-gcc8 3.0.0 19.00 70.00 89.00 OK
r-patched-linux-x86_64 3.0.0 2.81 37.98 40.79 OK
r-patched-solaris-x86 3.0.0 63.20 NOTE
r-release-linux-x86_64 3.0.0 3.20 37.96 41.16 OK
r-release-windows-ix86+x86_64 3.0.0 5.00 42.00 47.00 OK
r-release-osx-x86_64 3.0.0 NOTE
r-oldrel-windows-ix86+x86_64 3.0.0 5.00 52.00 57.00 OK
r-oldrel-osx-x86_64 3.0.0 NOTE

Check Details

Version: 3.0.0
Check: dependencies in R code
Result: NOTE
    Namespaces in Imports field not imported from:
     ‘sp’ ‘viridis’
     All declared Imports should be used.
Flavors: r-devel-linux-x86_64-fedora-clang, r-devel-linux-x86_64-fedora-gcc, r-patched-solaris-x86

Version: 3.0.0
Check: dependencies in R code
Result: NOTE
    No protocol specified
    No protocol specified
    No protocol specified
    Namespaces in Imports field not imported from:
     ‘sp’ ‘viridis’
     All declared Imports should be used.
Flavors: r-release-osx-x86_64, r-oldrel-osx-x86_64