Last updated on 2020-01-27 00:48:26 CET.
Flavor | Version | Tinstall | Tcheck | Ttotal | Status | Flags |
---|---|---|---|---|---|---|
r-devel-linux-x86_64-debian-clang | 1.0 | 24.63 | 48.01 | 72.64 | OK | |
r-devel-linux-x86_64-debian-gcc | 1.0 | 16.91 | 37.36 | 54.27 | OK | |
r-devel-linux-x86_64-fedora-clang | 1.0 | 96.70 | OK | |||
r-devel-linux-x86_64-fedora-gcc | 1.0 | 91.98 | OK | |||
r-devel-windows-ix86+x86_64 | 1.0 | 76.00 | 125.00 | 201.00 | OK | |
r-devel-windows-ix86+x86_64-gcc8 | 1.0 | 77.00 | 132.00 | 209.00 | OK | |
r-patched-linux-x86_64 | 1.0 | 19.24 | 42.20 | 61.44 | OK | |
r-patched-solaris-x86 | 1.0 | 122.80 | OK | |||
r-release-linux-x86_64 | 1.0 | 19.97 | 43.24 | 63.21 | OK | |
r-release-windows-ix86+x86_64 | 1.0 | 46.00 | 86.00 | 132.00 | OK | |
r-release-osx-x86_64 | 1.0 | WARN | ||||
r-oldrel-windows-ix86+x86_64 | 1.0 | 34.00 | 98.00 | 132.00 | OK | |
r-oldrel-osx-x86_64 | 1.0 | OK |
Version: 1.0
Check: whether package can be installed
Result: WARN
Found the following significant warnings:
Warning: 'rgl_init' failed, running with rgl.useNULL = TRUE
Flavor: r-release-osx-x86_64