CRAN Package Check Results for Package varrank

Last updated on 2020-01-27 00:48:26 CET.

Flavor Version Tinstall Tcheck Ttotal Status Flags
r-devel-linux-x86_64-debian-clang 0.2 3.24 143.88 147.12 WARN
r-devel-linux-x86_64-debian-gcc 0.2 2.47 110.67 113.14 WARN
r-devel-linux-x86_64-fedora-clang 0.2 174.90 WARN
r-devel-linux-x86_64-fedora-gcc 0.2 166.25 WARN
r-devel-windows-ix86+x86_64 0.2 10.00 88.00 98.00 WARN
r-devel-windows-ix86+x86_64-gcc8 0.2 11.00 80.00 91.00 WARN
r-patched-linux-x86_64 0.2 2.30 133.67 135.97 WARN
r-patched-solaris-x86 0.2 1237.10 WARN
r-release-linux-x86_64 0.2 2.28 133.87 136.15 WARN
r-release-windows-ix86+x86_64 0.2 6.00 73.00 79.00 WARN
r-release-osx-x86_64 0.2 OK
r-oldrel-windows-ix86+x86_64 0.2 4.00 74.00 78.00 WARN
r-oldrel-osx-x86_64 0.2 OK

Check Details

Version: 0.2
Check: package dependencies
Result: NOTE
    Package suggested but not available for checking: 'DAAG'
Flavors: r-devel-linux-x86_64-debian-clang, r-devel-linux-x86_64-debian-gcc, r-devel-linux-x86_64-fedora-gcc, r-patched-linux-x86_64, r-release-linux-x86_64

Version: 0.2
Check: re-building of vignette outputs
Result: WARN
    Error(s) in re-building vignettes:
     ...
    --- re-building 'varrank.Rmd' using knitr
    Loading required package: randomForest
    randomForest 4.6-14
    Type rfNews() to see new features/changes/bug fixes.
    
    Attaching package: 'randomForest'
    
    The following object is masked from 'package:ranger':
    
     importance
    
    The following object is masked from 'package:ggplot2':
    
     margin
    
    Loading required package: parallel
    Quitting from lines 334-340 (varrank.Rmd)
    Error: processing vignette 'varrank.Rmd' failed with diagnostics:
    there is no package called 'DAAG'
    --- failed re-building 'varrank.Rmd'
    
    SUMMARY: processing the following file failed:
     'varrank.Rmd'
    
    Error: Vignette re-building failed.
    Execution halted
Flavors: r-devel-linux-x86_64-debian-clang, r-devel-linux-x86_64-debian-gcc, r-patched-linux-x86_64, r-release-linux-x86_64

Version: 0.2
Check: package dependencies
Result: NOTE
    Package suggested but not available for checking: ‘DAAG’
    
    Suggests orphaned package: ‘gplots’
Flavor: r-devel-linux-x86_64-fedora-clang

Version: 0.2
Check: re-building of vignette outputs
Result: WARN
    Error(s) in re-building vignettes:
    --- re-building ‘varrank.Rmd’ using knitr
    Loading required package: randomForest
    randomForest 4.6-14
    Type rfNews() to see new features/changes/bug fixes.
    
    Attaching package: 'randomForest'
    
    The following object is masked from 'package:ranger':
    
     importance
    
    The following object is masked from 'package:ggplot2':
    
     margin
    
    Loading required package: parallel
    Quitting from lines 334-340 (varrank.Rmd)
    Error: processing vignette 'varrank.Rmd' failed with diagnostics:
    there is no package called 'DAAG'
    --- failed re-building ‘varrank.Rmd’
    
    SUMMARY: processing the following file failed:
     ‘varrank.Rmd’
    
    Error: Vignette re-building failed.
    Execution halted
Flavors: r-devel-linux-x86_64-fedora-clang, r-devel-linux-x86_64-fedora-gcc

Version: 0.2
Check: re-building of vignette outputs
Result: WARN
    Error(s) in re-building vignettes:
    --- re-building 'varrank.Rmd' using knitr
    Loading required package: randomForest
    randomForest 4.6-14
    Type rfNews() to see new features/changes/bug fixes.
    
    Attaching package: 'randomForest'
    
    The following object is masked from 'package:ranger':
    
     importance
    
    The following object is masked from 'package:ggplot2':
    
     margin
    
    Loading required package: parallel
    Quitting from lines 347-378 (varrank.Rmd)
    Error: processing vignette 'varrank.Rmd' failed with diagnostics:
    object 'epi' not found
    --- failed re-building 'varrank.Rmd'
    
    SUMMARY: processing the following file failed:
     'varrank.Rmd'
    
    Error: Vignette re-building failed.
    Execution halted
Flavors: r-devel-windows-ix86+x86_64, r-devel-windows-ix86+x86_64-gcc8, r-release-windows-ix86+x86_64

Version: 0.2
Check: package dependencies
Result: NOTE
    Packages suggested but not available for checking: 'DAAG', 'FSelector'
Flavor: r-patched-solaris-x86

Version: 0.2
Check: re-building of vignette outputs
Result: WARN
    Error(s) in re-building vignettes:
     ...
    --- re-building ‘varrank.Rmd’ using knitr
    Loading required package: randomForest
    randomForest 4.6-14
    Type rfNews() to see new features/changes/bug fixes.
    
    Attaching package: 'randomForest'
    
    The following object is masked from 'package:ranger':
    
     importance
    
    The following object is masked from 'package:ggplot2':
    
     margin
    
    Loading required package: parallel
    Quitting from lines 123-126 (varrank.Rmd)
    Error: processing vignette 'varrank.Rmd' failed with diagnostics:
    there is no package called 'FSelector'
    --- failed re-building ‘varrank.Rmd’
    
    SUMMARY: processing the following file failed:
     ‘varrank.Rmd’
    
    Error: Vignette re-building failed.
    Execution halted
Flavor: r-patched-solaris-x86

Version: 0.2
Check: re-building of vignette outputs
Result: WARN
    Error in re-building vignettes:
     ...
    Loading required package: randomForest
    randomForest 4.6-14
    Type rfNews() to see new features/changes/bug fixes.
    
    Attaching package: 'randomForest'
    
    The following object is masked from 'package:ranger':
    
     importance
    
    The following object is masked from 'package:ggplot2':
    
     margin
    
    Loading required package: parallel
    Quitting from lines 347-378 (varrank.Rmd)
    Error: processing vignette 'varrank.Rmd' failed with diagnostics:
    object 'epi' not found
    Execution halted
Flavor: r-oldrel-windows-ix86+x86_64