CRAN Package Check Results for Package varband

Last updated on 2020-01-27 00:48:26 CET.

Flavor Version Tinstall Tcheck Ttotal Status Flags
r-devel-linux-x86_64-debian-clang 0.9.0 30.12 55.37 85.49 OK
r-devel-linux-x86_64-debian-gcc 0.9.0 23.30 41.86 65.16 OK
r-devel-linux-x86_64-fedora-clang 0.9.0 113.65 NOTE
r-devel-linux-x86_64-fedora-gcc 0.9.0 110.85 NOTE
r-devel-windows-ix86+x86_64 0.9.0 92.00 124.00 216.00 OK
r-devel-windows-ix86+x86_64-gcc8 0.9.0 85.00 114.00 199.00 OK
r-patched-linux-x86_64 0.9.0 26.25 51.75 78.00 OK
r-patched-solaris-x86 0.9.0 124.40 OK
r-release-linux-x86_64 0.9.0 26.82 51.89 78.71 OK
r-release-windows-ix86+x86_64 0.9.0 58.00 97.00 155.00 OK
r-release-osx-x86_64 0.9.0 OK
r-oldrel-windows-ix86+x86_64 0.9.0 46.00 93.00 139.00 OK
r-oldrel-osx-x86_64 0.9.0 OK

Check Details

Version: 0.9.0
Check: compiled code
Result: NOTE
    File ‘varband/libs/varband.so’:
     Found no calls to: ‘R_registerRoutines’, ‘R_useDynamicSymbols’
    
    It is good practice to register native routines and to disable symbol
    search.
    
    See ‘Writing portable packages’ in the ‘Writing R Extensions’ manual.
Flavors: r-devel-linux-x86_64-fedora-clang, r-devel-linux-x86_64-fedora-gcc