CRAN Package Check Results for Package utilsIPEA

Last updated on 2020-01-27 00:48:26 CET.

Flavor Version Tinstall Tcheck Ttotal Status Flags
r-devel-linux-x86_64-debian-clang 0.0.6 4.11 37.87 41.98 OK
r-devel-linux-x86_64-debian-gcc 0.0.6 3.46 29.10 32.56 OK
r-devel-linux-x86_64-fedora-clang 0.0.6 51.04 NOTE
r-devel-linux-x86_64-fedora-gcc 0.0.6 49.17 NOTE
r-devel-windows-ix86+x86_64 0.0.6 20.00 81.00 101.00 OK
r-devel-windows-ix86+x86_64-gcc8 0.0.6 16.00 77.00 93.00 OK
r-patched-linux-x86_64 0.0.6 3.54 33.83 37.37 OK
r-patched-solaris-x86 0.0.6 76.00 NOTE
r-release-linux-x86_64 0.0.6 3.56 33.91 37.47 OK
r-release-windows-ix86+x86_64 0.0.6 10.00 49.00 59.00 OK
r-release-osx-x86_64 0.0.6 NOTE
r-oldrel-windows-ix86+x86_64 0.0.6 5.00 45.00 50.00 OK
r-oldrel-osx-x86_64 0.0.6 NOTE

Check Details

Version: 0.0.6
Check: dependencies in R code
Result: NOTE
    Namespaces in Imports field not imported from:
     ‘RCurl’ ‘stringdist’ ‘utils’
     All declared Imports should be used.
Flavors: r-devel-linux-x86_64-fedora-clang, r-devel-linux-x86_64-fedora-gcc, r-patched-solaris-x86, r-release-osx-x86_64, r-oldrel-osx-x86_64