CRAN Package Check Results for Package unine

Last updated on 2020-01-27 00:48:26 CET.

Flavor Version Tinstall Tcheck Ttotal Status Flags
r-devel-linux-x86_64-debian-clang 0.2.0 62.85 26.65 89.50 OK
r-devel-linux-x86_64-debian-gcc 0.2.0 34.20 21.29 55.49 OK
r-devel-linux-x86_64-fedora-clang 0.2.0 126.41 NOTE
r-devel-linux-x86_64-fedora-gcc 0.2.0 108.34 NOTE
r-devel-windows-ix86+x86_64 0.2.0 170.00 100.00 270.00 OK
r-devel-windows-ix86+x86_64-gcc8 0.2.0 173.00 90.00 263.00 OK
r-patched-linux-x86_64 0.2.0 41.72 24.38 66.10 OK
r-patched-solaris-x86 0.2.0 105.90 NOTE
r-release-linux-x86_64 0.2.0 42.43 24.44 66.87 OK
r-release-windows-ix86+x86_64 0.2.0 120.00 61.00 181.00 OK
r-release-osx-x86_64 0.2.0 NOTE
r-oldrel-windows-ix86+x86_64 0.2.0 126.00 68.00 194.00 OK
r-oldrel-osx-x86_64 0.2.0 NOTE

Check Details

Version: 0.2.0
Check: data for non-ASCII characters
Result: NOTE
     Note: found 548 marked UTF-8 strings
Flavors: r-devel-linux-x86_64-fedora-clang, r-devel-linux-x86_64-fedora-gcc, r-patched-solaris-x86, r-release-osx-x86_64, r-oldrel-osx-x86_64