Last updated on 2020-01-27 00:48:25 CET.
Flavor | Version | Tinstall | Tcheck | Ttotal | Status | Flags |
---|---|---|---|---|---|---|
r-devel-linux-x86_64-debian-clang | 0.8.3 | 131.66 | 353.02 | 484.68 | OK | |
r-devel-linux-x86_64-debian-gcc | 0.8.3 | 125.44 | 321.43 | 446.87 | OK | |
r-devel-linux-x86_64-fedora-clang | 0.8.3 | 592.28 | NOTE | |||
r-devel-linux-x86_64-fedora-gcc | 0.8.3 | 661.29 | OK | |||
r-devel-windows-ix86+x86_64 | 0.8.3 | 301.00 | 593.00 | 894.00 | NOTE | |
r-devel-windows-ix86+x86_64-gcc8 | 0.8.3 | 299.00 | 487.00 | 786.00 | NOTE | |
r-patched-linux-x86_64 | 0.8.3 | 120.05 | 365.88 | 485.93 | OK | |
r-patched-solaris-x86 | 0.8.3 | 733.50 | NOTE | |||
r-release-linux-x86_64 | 0.8.3 | 123.71 | 365.70 | 489.41 | OK | |
r-release-windows-ix86+x86_64 | 0.8.3 | 208.00 | 472.00 | 680.00 | NOTE | |
r-release-osx-x86_64 | 0.8.3 | NOTE | ||||
r-oldrel-windows-ix86+x86_64 | 0.8.3 | 218.00 | 445.00 | 663.00 | NOTE | |
r-oldrel-osx-x86_64 | 0.8.3 | NOTE |
Version: 0.8.3
Check: installed package size
Result: NOTE
installed size is 30.7Mb
sub-directories of 1Mb or more:
doc 6.9Mb
dummydata 1.4Mb
libs 21.0Mb
Flavors: r-devel-linux-x86_64-fedora-clang, r-devel-windows-ix86+x86_64, r-devel-windows-ix86+x86_64-gcc8, r-patched-solaris-x86, r-release-windows-ix86+x86_64, r-release-osx-x86_64, r-oldrel-windows-ix86+x86_64, r-oldrel-osx-x86_64