CRAN Package Check Results for Package ubiquity

Last updated on 2020-01-27 00:48:25 CET.

Flavor Version Tinstall Tcheck Ttotal Status Flags
r-devel-linux-x86_64-debian-clang 1.0.1 16.85 124.74 141.59 OK
r-devel-linux-x86_64-debian-gcc 1.0.1 14.43 96.11 110.54 OK
r-devel-linux-x86_64-fedora-clang 1.0.1 169.72 NOTE
r-devel-linux-x86_64-fedora-gcc 1.0.1 169.24 OK
r-devel-windows-ix86+x86_64 1.0.1 39.00 7.00 46.00 ERROR
r-devel-windows-ix86+x86_64-gcc8 1.0.0 60.00 159.00 219.00 NOTE
r-patched-linux-x86_64 1.0.1 13.82 111.90 125.72 OK
r-patched-solaris-x86 1.0.1 201.10 WARN
r-release-linux-x86_64 1.0.1 15.36 112.56 127.92 OK
r-release-windows-ix86+x86_64 1.0.1 28.00 130.00 158.00 NOTE
r-release-osx-x86_64 1.0.1 WARN
r-oldrel-windows-ix86+x86_64 1.0.1 36.00 193.00 229.00 NOTE
r-oldrel-osx-x86_64 1.0.1 WARN

Check Details

Version: 1.0.1
Check: installed package size
Result: NOTE
     installed size is 9.4Mb
     sub-directories of 1Mb or more:
     doc 6.4Mb
     ubinc 2.0Mb
Flavors: r-devel-linux-x86_64-fedora-clang, r-patched-solaris-x86, r-release-windows-ix86+x86_64, r-release-osx-x86_64, r-oldrel-windows-ix86+x86_64, r-oldrel-osx-x86_64

Version: 1.0.1
Check: whether package can be installed
Result: ERROR
    Installation failed.
Flavor: r-devel-windows-ix86+x86_64

Version: 1.0.0
Check: installed package size
Result: NOTE
     installed size is 9.1Mb
     sub-directories of 1Mb or more:
     doc 6.3Mb
     ubinc 1.9Mb
Flavor: r-devel-windows-ix86+x86_64-gcc8

Version: 1.0.1
Check: re-building of vignette outputs
Result: WARN
    Error(s) in re-building vignettes:
     ...
    --- re-building ‘Deployment.Rmd’ using rmarkdown
    Warning in engine$weave(file, quiet = quiet, encoding = enc) :
     Pandoc (>= 1.12.3) and/or pandoc-citeproc not available. Falling back to R Markdown v1.
    --- finished re-building ‘Deployment.Rmd’
    
    --- re-building ‘Estimation.Rmd’ using rmarkdown
    Warning in engine$weave(file, quiet = quiet, encoding = enc) :
     Pandoc (>= 1.12.3) and/or pandoc-citeproc not available. Falling back to R Markdown v1.
    --- finished re-building ‘Estimation.Rmd’
    
    --- re-building ‘Language.Rmd’ using rmarkdown
    Warning in engine$weave(file, quiet = quiet, encoding = enc) :
     Pandoc (>= 1.12.3) and/or pandoc-citeproc not available. Falling back to R Markdown v1.
    --- finished re-building ‘Language.Rmd’
    
    --- re-building ‘NCA.Rmd’ using rmarkdown
    Warning in engine$weave(file, quiet = quiet, encoding = enc) :
     Pandoc (>= 1.12.3) and/or pandoc-citeproc not available. Falling back to R Markdown v1.
    PhantomJS not found. You can install it with webshot::install_phantomjs(). If it is installed, please make sure the phantomjs executable can be found via the PATH variable.
    Quitting from lines 195-196 (NCA.Rmd)
    Error: processing vignette 'NCA.Rmd' failed with diagnostics:
    cannot open the connection
    --- failed re-building ‘NCA.Rmd’
    
    --- re-building ‘Reporting.Rmd’ using rmarkdown
    Warning in engine$weave(file, quiet = quiet, encoding = enc) :
     Pandoc (>= 1.12.3) and/or pandoc-citeproc not available. Falling back to R Markdown v1.
    --- finished re-building ‘Reporting.Rmd’
    
    --- re-building ‘Simulation.Rmd’ using rmarkdown
    Warning in engine$weave(file, quiet = quiet, encoding = enc) :
     Pandoc (>= 1.12.3) and/or pandoc-citeproc not available. Falling back to R Markdown v1.
    Loading required package: ubiquity
    Loading required package: deSolve
    Loading required package: ggplot2
    Loading required package: foreach
    Loading required package: doParallel
    Loading required package: iterators
    Loading required package: parallel
    Loading required package: rhandsontable
    PhantomJS not found. You can install it with webshot::install_phantomjs(). If it is installed, please make sure the phantomjs executable can be found via the PATH variable.
    Quitting from lines 95-97 (Simulation.Rmd)
    Error: processing vignette 'Simulation.Rmd' failed with diagnostics:
    cannot open the connection
    --- failed re-building ‘Simulation.Rmd’
    
    --- re-building ‘Titration.Rmd’ using rmarkdown
    Warning in engine$weave(file, quiet = quiet, encoding = enc) :
     Pandoc (>= 1.12.3) and/or pandoc-citeproc not available. Falling back to R Markdown v1.
    PhantomJS not found. You can install it with webshot::install_phantomjs(). If it is installed, please make sure the phantomjs executable can be found via the PATH variable.
    Quitting from lines 278-279 (Titration.Rmd)
    Error: processing vignette 'Titration.Rmd' failed with diagnostics:
    cannot open the connection
    --- failed re-building ‘Titration.Rmd’
    
    SUMMARY: processing the following files failed:
     ‘NCA.Rmd’ ‘Simulation.Rmd’ ‘Titration.Rmd’
    
    Error: Vignette re-building failed.
    Execution halted
Flavor: r-patched-solaris-x86

Version: 1.0.1
Check: re-building of vignette outputs
Result: WARN
    Error(s) in re-building vignettes:
    --- re-building ‘Deployment.Rmd’ using rmarkdown
    Warning in engine$weave(file, quiet = quiet, encoding = enc) :
     Pandoc (>= 1.12.3) and/or pandoc-citeproc not available. Falling back to R Markdown v1.
    --- finished re-building ‘Deployment.Rmd’
    
    --- re-building ‘Estimation.Rmd’ using rmarkdown
    Warning in engine$weave(file, quiet = quiet, encoding = enc) :
     Pandoc (>= 1.12.3) and/or pandoc-citeproc not available. Falling back to R Markdown v1.
    --- finished re-building ‘Estimation.Rmd’
    
    --- re-building ‘Language.Rmd’ using rmarkdown
    Warning in engine$weave(file, quiet = quiet, encoding = enc) :
     Pandoc (>= 1.12.3) and/or pandoc-citeproc not available. Falling back to R Markdown v1.
    --- finished re-building ‘Language.Rmd’
    
    --- re-building ‘NCA.Rmd’ using rmarkdown
    Warning in engine$weave(file, quiet = quiet, encoding = enc) :
     Pandoc (>= 1.12.3) and/or pandoc-citeproc not available. Falling back to R Markdown v1.
    PhantomJS not found. You can install it with webshot::install_phantomjs(). If it is installed, please make sure the phantomjs executable can be found via the PATH variable.
    Quitting from lines 195-196 (NCA.Rmd)
    Error: processing vignette 'NCA.Rmd' failed with diagnostics:
    cannot open the connection
    --- failed re-building ‘NCA.Rmd’
    
    --- re-building ‘Reporting.Rmd’ using rmarkdown
    Warning in engine$weave(file, quiet = quiet, encoding = enc) :
     Pandoc (>= 1.12.3) and/or pandoc-citeproc not available. Falling back to R Markdown v1.
    --- finished re-building ‘Reporting.Rmd’
    
    --- re-building ‘Simulation.Rmd’ using rmarkdown
    Warning in engine$weave(file, quiet = quiet, encoding = enc) :
     Pandoc (>= 1.12.3) and/or pandoc-citeproc not available. Falling back to R Markdown v1.
    Loading required package: ubiquity
    Loading required package: deSolve
    Loading required package: ggplot2
    Loading required package: foreach
    Loading required package: doParallel
    Loading required package: iterators
    Loading required package: parallel
    Loading required package: rhandsontable
    PhantomJS not found. You can install it with webshot::install_phantomjs(). If it is installed, please make sure the phantomjs executable can be found via the PATH variable.
    Quitting from lines 95-97 (Simulation.Rmd)
    Error: processing vignette 'Simulation.Rmd' failed with diagnostics:
    cannot open the connection
    --- failed re-building ‘Simulation.Rmd’
    
    --- re-building ‘Titration.Rmd’ using rmarkdown
    Warning in engine$weave(file, quiet = quiet, encoding = enc) :
     Pandoc (>= 1.12.3) and/or pandoc-citeproc not available. Falling back to R Markdown v1.
    PhantomJS not found. You can install it with webshot::install_phantomjs(). If it is installed, please make sure the phantomjs executable can be found via the PATH variable.
    Quitting from lines 278-279 (Titration.Rmd)
    Error: processing vignette 'Titration.Rmd' failed with diagnostics:
    cannot open the connection
    --- failed re-building ‘Titration.Rmd’
    
    SUMMARY: processing the following files failed:
     ‘NCA.Rmd’ ‘Simulation.Rmd’ ‘Titration.Rmd’
    
    Error: Vignette re-building failed.
    Execution halted
Flavor: r-release-osx-x86_64

Version: 1.0.1
Check: re-building of vignette outputs
Result: WARN
    Error in re-building vignettes:
     ...
    Warning in engine$weave(file, quiet = quiet, encoding = enc) :
     Pandoc (>= 1.12.3) and/or pandoc-citeproc not available. Falling back to R Markdown v1.
    Warning in engine$weave(file, quiet = quiet, encoding = enc) :
     Pandoc (>= 1.12.3) and/or pandoc-citeproc not available. Falling back to R Markdown v1.
    Warning in engine$weave(file, quiet = quiet, encoding = enc) :
     Pandoc (>= 1.12.3) and/or pandoc-citeproc not available. Falling back to R Markdown v1.
    Warning in engine$weave(file, quiet = quiet, encoding = enc) :
     Pandoc (>= 1.12.3) and/or pandoc-citeproc not available. Falling back to R Markdown v1.
    PhantomJS not found. You can install it with webshot::install_phantomjs(). If it is installed, please make sure the phantomjs executable can be found via the PATH variable.
    Quitting from lines 195-196 (NCA.Rmd)
    Error: processing vignette 'NCA.Rmd' failed with diagnostics:
    cannot open the connection
    Execution halted
Flavor: r-oldrel-osx-x86_64