CRAN Package Check Results for Package tseriesChaos

Last updated on 2020-01-27 00:48:25 CET.

Flavor Version Tinstall Tcheck Ttotal Status Flags
r-devel-linux-x86_64-debian-clang 0.1-13.1 4.41 24.73 29.14 OK
r-devel-linux-x86_64-debian-gcc 0.1-13.1 3.12 19.65 22.77 OK
r-devel-linux-x86_64-fedora-clang 0.1-13.1 36.08 NOTE
r-devel-linux-x86_64-fedora-gcc 0.1-13.1 34.48 NOTE
r-devel-windows-ix86+x86_64 0.1-13.1 23.00 64.00 87.00 OK
r-devel-windows-ix86+x86_64-gcc8 0.1-13.1 20.00 65.00 85.00 OK
r-patched-linux-x86_64 0.1-13.1 2.89 22.77 25.66 OK
r-patched-solaris-x86 0.1-13.1 56.60 OK
r-release-linux-x86_64 0.1-13.1 3.31 22.92 26.23 OK
r-release-windows-ix86+x86_64 0.1-13.1 13.00 57.00 70.00 OK
r-release-osx-x86_64 0.1-13.1 OK
r-oldrel-windows-ix86+x86_64 0.1-13.1 13.00 56.00 69.00 OK
r-oldrel-osx-x86_64 0.1-13.1 OK

Check Details

Version: 0.1-13.1
Check: compiled code
Result: NOTE
    File ‘tseriesChaos/libs/tseriesChaos.so’:
     Found no calls to: ‘R_registerRoutines’, ‘R_useDynamicSymbols’
    
    It is good practice to register native routines and to disable symbol
    search.
    
    See ‘Writing portable packages’ in the ‘Writing R Extensions’ manual.
Flavors: r-devel-linux-x86_64-fedora-clang, r-devel-linux-x86_64-fedora-gcc