CRAN Package Check Results for Package treeclim

Last updated on 2020-01-27 00:48:25 CET.

Flavor Version Tinstall Tcheck Ttotal Status Flags
r-devel-linux-x86_64-debian-clang 2.0.3 115.73 157.45 273.18 OK
r-devel-linux-x86_64-debian-gcc 2.0.3 84.05 112.39 196.44 OK
r-devel-linux-x86_64-fedora-clang 2.0.3 346.82 OK
r-devel-linux-x86_64-fedora-gcc 2.0.3 338.66 OK
r-devel-windows-ix86+x86_64 2.0.3 320.00 323.00 643.00 ERROR
r-devel-windows-ix86+x86_64-gcc8 2.0.3 325.00 365.00 690.00 OK
r-patched-linux-x86_64 2.0.3 92.31 134.17 226.48 OK
r-patched-solaris-x86 2.0.3 360.30 OK
r-release-linux-x86_64 2.0.3 97.33 133.23 230.56 OK
r-release-windows-ix86+x86_64 2.0.3 219.00 212.00 431.00 OK
r-release-osx-x86_64 2.0.3 OK
r-oldrel-windows-ix86+x86_64 2.0.3 193.00 261.00 454.00 OK
r-oldrel-osx-x86_64 2.0.3 OK

Check Details

Version: 2.0.3
Check: examples
Result: ERROR
    Running massageExamples to create 'treeclim-Ex.R' failed
    
     NONE
Flavor: r-devel-windows-ix86+x86_64