Last updated on 2020-01-27 00:48:25 CET.
Flavor | Version | Tinstall | Tcheck | Ttotal | Status | Flags |
---|---|---|---|---|---|---|
r-devel-linux-x86_64-debian-clang | 0.0.4 | 23.42 | 315.45 | 338.87 | OK | |
r-devel-linux-x86_64-debian-gcc | 0.0.4 | 21.90 | 236.84 | 258.74 | OK | |
r-devel-linux-x86_64-fedora-clang | 0.0.4 | 395.62 | OK | |||
r-devel-linux-x86_64-fedora-gcc | 0.0.4 | 402.03 | OK | |||
r-devel-windows-ix86+x86_64 | 0.0.4 | 57.00 | 395.00 | 452.00 | OK | |
r-devel-windows-ix86+x86_64-gcc8 | 0.0.4 | 46.00 | 7.00 | 53.00 | ERROR | |
r-patched-linux-x86_64 | 0.0.4 | 21.26 | 272.90 | 294.16 | OK | |
r-patched-solaris-x86 | 0.0.4 | 542.20 | OK | |||
r-release-linux-x86_64 | 0.0.4 | 19.35 | 269.50 | 288.85 | OK | |
r-release-windows-ix86+x86_64 | 0.0.4 | 42.00 | 260.00 | 302.00 | OK | |
r-release-osx-x86_64 | 0.0.4 | OK | ||||
r-oldrel-windows-ix86+x86_64 | 0.0.4 | 28.00 | 272.00 | 300.00 | OK | |
r-oldrel-osx-x86_64 | 0.0.4 | OK |
Version: 0.0.4
Check: whether package can be installed
Result: ERROR
Installation failed.
Flavor: r-devel-windows-ix86+x86_64-gcc8