Last updated on 2020-01-27 00:48:25 CET.
Flavor | Version | Tinstall | Tcheck | Ttotal | Status | Flags |
---|---|---|---|---|---|---|
r-devel-linux-x86_64-debian-clang | 1.0-40 | 6.18 | 27.70 | 33.88 | OK | |
r-devel-linux-x86_64-debian-gcc | 1.0-40 | 4.34 | 21.81 | 26.15 | OK | |
r-devel-linux-x86_64-fedora-clang | 1.0-40 | 42.26 | OK | |||
r-devel-linux-x86_64-fedora-gcc | 1.0-40 | 40.33 | OK | |||
r-devel-windows-ix86+x86_64 | 1.0-40 | 22.00 | 69.00 | 91.00 | OK | |
r-devel-windows-ix86+x86_64-gcc8 | 1.0-40 | 17.00 | 82.00 | 99.00 | OK | |
r-patched-linux-x86_64 | 1.0-40 | 4.75 | 25.32 | 30.07 | OK | |
r-patched-solaris-x86 | 1.0-40 | 54.70 | OK | |||
r-release-linux-x86_64 | 1.0-40 | 4.19 | 25.36 | 29.55 | OK | |
r-release-windows-ix86+x86_64 | 1.0-40 | 11.00 | 67.00 | 78.00 | OK | |
r-release-osx-x86_64 | 1.0-40 | OK | ||||
r-oldrel-windows-ix86+x86_64 | 1.0-39 | 18.00 | 46.00 | 64.00 | OK | |
r-oldrel-osx-x86_64 | 1.0-40 | ERROR |
Version: 1.0-40
Check: whether package can be installed
Result: ERROR
Installation failed.
Flavor: r-oldrel-osx-x86_64