CRAN Package Check Results for Package transport

Last updated on 2020-01-27 00:48:25 CET.

Flavor Version Tinstall Tcheck Ttotal Status Flags
r-devel-linux-x86_64-debian-clang 0.12-1 86.43 69.73 156.16 OK
r-devel-linux-x86_64-debian-gcc 0.12-1 60.16 52.77 112.93 OK
r-devel-linux-x86_64-fedora-clang 0.12-1 217.41 NOTE
r-devel-linux-x86_64-fedora-gcc 0.12-1 210.42 OK
r-devel-windows-ix86+x86_64 0.12-1 223.00 180.00 403.00 OK
r-devel-windows-ix86+x86_64-gcc8 0.12-1 230.00 181.00 411.00 OK
r-patched-linux-x86_64 0.12-1 67.32 62.03 129.35 OK
r-patched-solaris-x86 0.12-1 216.50 OK
r-release-linux-x86_64 0.12-1 66.43 62.38 128.81 OK
r-release-windows-ix86+x86_64 0.12-1 160.00 125.00 285.00 OK
r-release-osx-x86_64 0.12-1 NOTE
r-oldrel-windows-ix86+x86_64 0.12-1 160.00 139.00 299.00 OK
r-oldrel-osx-x86_64 0.12-1 NOTE

Check Details

Version: 0.12-1
Check: installed package size
Result: NOTE
     installed size is 6.0Mb
     sub-directories of 1Mb or more:
     libs 5.5Mb
Flavors: r-devel-linux-x86_64-fedora-clang, r-release-osx-x86_64, r-oldrel-osx-x86_64