CRAN Package Check Results for Package topologyGSA

Last updated on 2020-01-27 00:48:25 CET.

Flavor Version Tinstall Tcheck Ttotal Status Flags
r-devel-linux-x86_64-debian-clang 1.4.6 48.72 380.42 429.14 OK
r-devel-linux-x86_64-debian-gcc 1.4.6 41.99 292.36 334.35 OK
r-devel-linux-x86_64-fedora-clang 1.4.6 535.12 OK
r-devel-linux-x86_64-fedora-gcc 1.4.6 538.25 OK
r-devel-windows-ix86+x86_64 1.4.6 116.00 481.00 597.00 OK
r-devel-windows-ix86+x86_64-gcc8 1.4.6 118.00 486.00 604.00 OK
r-patched-linux-x86_64 1.4.6 40.49 321.59 362.08 OK
r-patched-solaris-x86 1.4.6 614.80 OK
r-release-linux-x86_64 1.4.6 38.45 321.55 360.00 OK
r-release-windows-ix86+x86_64 1.4.6 77.00 313.00 390.00 OK
r-release-osx-x86_64 1.4.6 ERROR
r-oldrel-windows-ix86+x86_64 1.4.6 37.00 334.00 371.00 OK
r-oldrel-osx-x86_64 1.4.6 ERROR

Check Details

Version: 1.4.6
Check: whether package can be installed
Result: ERROR
    Installation failed.
Flavor: r-release-osx-x86_64

Version: 1.4.6
Check: package dependencies
Result: ERROR
    Package required but not available: ‘qpgraph’
    
    See section ‘The DESCRIPTION file’ in the ‘Writing R Extensions’
    manual.
Flavor: r-oldrel-osx-x86_64