CRAN Package Check Results for Package tokenizers.bpe

Last updated on 2020-01-27 00:48:25 CET.

Flavor Version Tinstall Tcheck Ttotal Status Flags
r-devel-linux-x86_64-debian-clang 0.1.0 117.55 25.43 142.98 OK
r-devel-linux-x86_64-debian-gcc 0.1.0 86.96 20.67 107.63 OK
r-devel-linux-x86_64-fedora-clang 0.1.0 205.84 NOTE
r-devel-linux-x86_64-fedora-gcc 0.1.0 199.89 OK
r-devel-windows-ix86+x86_64 0.1.0 277.00 99.00 376.00 OK
r-devel-windows-ix86+x86_64-gcc8 0.1.0 293.00 93.00 386.00 OK
r-patched-linux-x86_64 0.1.0 98.33 23.82 122.15 OK
r-patched-solaris-x86 0.1.0 162.10 OK
r-release-linux-x86_64 0.1.0 97.64 23.68 121.32 OK
r-release-windows-ix86+x86_64 0.1.0 203.00 64.00 267.00 OK
r-release-osx-x86_64 0.1.0 NOTE
r-oldrel-windows-ix86+x86_64 0.1.0 217.00 74.00 291.00 OK
r-oldrel-osx-x86_64 0.1.0 NOTE

Check Details

Version: 0.1.0
Check: installed package size
Result: NOTE
     installed size is 6.0Mb
     sub-directories of 1Mb or more:
     libs 5.0Mb
Flavors: r-devel-linux-x86_64-fedora-clang, r-release-osx-x86_64, r-oldrel-osx-x86_64