CRAN Package Check Results for Package tmg

Last updated on 2020-01-27 00:48:25 CET.

Flavor Version Tinstall Tcheck Ttotal Status Flags
r-devel-linux-x86_64-debian-clang 0.3 23.50 22.67 46.17 OK
r-devel-linux-x86_64-debian-gcc 0.3 16.59 18.62 35.21 OK
r-devel-linux-x86_64-fedora-clang 0.3 60.43 NOTE
r-devel-linux-x86_64-fedora-gcc 0.3 58.45 NOTE
r-devel-windows-ix86+x86_64 0.3 61.00 80.00 141.00 OK
r-devel-windows-ix86+x86_64-gcc8 0.3 65.00 80.00 145.00 OK
r-patched-linux-x86_64 0.3 19.60 21.17 40.77 OK
r-patched-solaris-x86 0.3 64.50 OK
r-release-linux-x86_64 0.3 19.78 21.13 40.91 OK
r-release-windows-ix86+x86_64 0.3 42.00 51.00 93.00 OK
r-release-osx-x86_64 0.3 NOTE
r-oldrel-windows-ix86+x86_64 0.3 40.00 61.00 101.00 OK
r-oldrel-osx-x86_64 0.3 OK

Additional issues

valgrind

Check Details

Version: 0.3
Check: compiled code
Result: NOTE
    File ‘tmg/libs/tmg.so’:
     Found no calls to: ‘R_registerRoutines’, ‘R_useDynamicSymbols’
    
    It is good practice to register native routines and to disable symbol
    search.
    
    See ‘Writing portable packages’ in the ‘Writing R Extensions’ manual.
Flavors: r-devel-linux-x86_64-fedora-clang, r-devel-linux-x86_64-fedora-gcc

Version: 0.3
Check: installed package size
Result: NOTE
     installed size is 5.1Mb
     sub-directories of 1Mb or more:
     libs 4.8Mb
Flavor: r-release-osx-x86_64