CRAN Package Check Results for Package tmcn

Last updated on 2020-01-27 00:48:25 CET.

Flavor Version Tinstall Tcheck Ttotal Status Flags
r-devel-linux-x86_64-debian-clang 0.2-13 3.91 27.94 31.85 OK
r-devel-linux-x86_64-debian-gcc 0.2-13 2.66 19.39 22.05 OK
r-devel-linux-x86_64-fedora-clang 0.2-13 34.56 NOTE
r-devel-linux-x86_64-fedora-gcc 0.2-13 33.79 NOTE
r-devel-windows-ix86+x86_64 0.2-13 18.00 80.00 98.00 OK
r-devel-windows-ix86+x86_64-gcc8 0.2-13 16.00 75.00 91.00 OK
r-patched-linux-x86_64 0.2-13 2.75 22.37 25.12 OK
r-patched-solaris-x86 0.2-13 48.40 NOTE
r-release-linux-x86_64 0.2-13 3.07 22.41 25.48 OK
r-release-windows-ix86+x86_64 0.2-13 11.00 47.00 58.00 OK
r-release-osx-x86_64 0.2-13 NOTE
r-oldrel-windows-ix86+x86_64 0.2-13 9.00 55.00 64.00 OK
r-oldrel-osx-x86_64 0.2-13 NOTE

Check Details

Version: 0.2-13
Check: data for non-ASCII characters
Result: NOTE
     Note: found 134043 marked UTF-8 strings
Flavors: r-devel-linux-x86_64-fedora-clang, r-devel-linux-x86_64-fedora-gcc, r-patched-solaris-x86, r-release-osx-x86_64, r-oldrel-osx-x86_64