CRAN Package Check Results for Package tibbleOne

Last updated on 2020-01-27 00:48:25 CET.

Flavor Version Tinstall Tcheck Ttotal Status Flags
r-devel-linux-x86_64-debian-clang 0.1.0 7.75 72.13 79.88 OK
r-devel-linux-x86_64-debian-gcc 0.1.0 6.63 55.68 62.31 OK
r-devel-linux-x86_64-fedora-clang 0.1.0 93.91 NOTE
r-devel-linux-x86_64-fedora-gcc 0.1.0 93.54 NOTE
r-devel-windows-ix86+x86_64 0.1.0 41.00 135.00 176.00 OK
r-devel-windows-ix86+x86_64-gcc8 0.1.0 35.00 90.00 125.00 OK
r-patched-linux-x86_64 0.1.0 7.12 65.93 73.05 OK
r-patched-solaris-x86 0.1.0 140.20 NOTE
r-release-linux-x86_64 0.1.0 6.18 63.61 69.79 OK
r-release-windows-ix86+x86_64 0.1.0 18.00 84.00 102.00 OK
r-release-osx-x86_64 0.1.0 NOTE
r-oldrel-windows-ix86+x86_64 0.1.0 8.00 78.00 86.00 OK
r-oldrel-osx-x86_64 0.1.0 NOTE

Check Details

Version: 0.1.0
Check: dependencies in R code
Result: NOTE
    Namespace in Imports field not imported from: ‘lifecycle’
     All declared Imports should be used.
Flavors: r-devel-linux-x86_64-fedora-clang, r-devel-linux-x86_64-fedora-gcc, r-patched-solaris-x86, r-release-osx-x86_64, r-oldrel-osx-x86_64