CRAN Package Check Results for Package thectar

Last updated on 2020-01-27 00:48:25 CET.

Flavor Version Tinstall Tcheck Ttotal Status Flags
r-devel-linux-x86_64-debian-clang 1.0.0 2.79 31.06 33.85 OK
r-devel-linux-x86_64-debian-gcc 1.0.0 2.32 24.29 26.61 OK
r-devel-linux-x86_64-fedora-clang 1.0.0 42.22 NOTE
r-devel-linux-x86_64-fedora-gcc 1.0.0 40.54 NOTE
r-devel-windows-ix86+x86_64 1.0.0 19.00 79.00 98.00 OK
r-devel-windows-ix86+x86_64-gcc8 1.0.0 22.00 77.00 99.00 OK
r-patched-linux-x86_64 1.0.0 2.35 28.04 30.39 OK
r-patched-solaris-x86 1.0.0 57.50 NOTE
r-release-linux-x86_64 1.0.0 2.09 28.14 30.23 OK
r-release-windows-ix86+x86_64 1.0.0 7.00 46.00 53.00 OK
r-release-osx-x86_64 1.0.0 NOTE
r-oldrel-windows-ix86+x86_64 1.0.0 4.00 51.00 55.00 OK
r-oldrel-osx-x86_64 1.0.0 NOTE

Check Details

Version: 1.0.0
Check: dependencies in R code
Result: NOTE
    Namespace in Imports field not imported from: ‘proxy’
     All declared Imports should be used.
Flavors: r-devel-linux-x86_64-fedora-clang, r-devel-linux-x86_64-fedora-gcc, r-patched-solaris-x86, r-release-osx-x86_64, r-oldrel-osx-x86_64