CRAN Package Check Results for Package tfse

Last updated on 2020-01-27 00:48:25 CET.

Flavor Version Tinstall Tcheck Ttotal Status Flags
r-devel-linux-x86_64-debian-clang 0.5.0 3.53 34.45 37.98 OK
r-devel-linux-x86_64-debian-gcc 0.5.0 3.02 27.37 30.39 OK
r-devel-linux-x86_64-fedora-clang 0.5.0 46.60 OK
r-devel-linux-x86_64-fedora-gcc 0.5.0 45.21 OK
r-devel-windows-ix86+x86_64 0.5.0 11.00 63.00 74.00 OK
r-devel-windows-ix86+x86_64-gcc8 0.5.0 10.00 63.00 73.00 OK
r-patched-linux-x86_64 0.5.0 2.63 31.97 34.60 OK
r-patched-solaris-x86 0.5.0 50.70 OK
r-release-linux-x86_64 0.5.0 2.82 31.95 34.77 OK
r-release-windows-ix86+x86_64 0.5.0 6.00 41.00 47.00 OK
r-release-osx-x86_64 0.5.0 OK
r-oldrel-windows-ix86+x86_64 0.5.0 4.00 45.00 49.00 OK
r-oldrel-osx-x86_64 0.4.4 NOTE

Check Details

Version: 0.4.4
Check: data for non-ASCII characters
Result: NOTE
     Note: found 30 marked UTF-8 strings
Flavor: r-oldrel-osx-x86_64