CRAN Package Check Results for Package textrecipes

Last updated on 2020-01-27 00:48:25 CET.

Flavor Version Tinstall Tcheck Ttotal Status Flags
r-devel-linux-x86_64-debian-clang 0.0.2 13.10 135.83 148.93 OK
r-devel-linux-x86_64-debian-gcc 0.0.2 11.56 104.78 116.34 OK
r-devel-linux-x86_64-fedora-clang 0.0.2 175.46 NOTE
r-devel-linux-x86_64-fedora-gcc 0.0.2 172.86 NOTE
r-devel-windows-ix86+x86_64 0.0.2 55.00 200.00 255.00 OK
r-devel-windows-ix86+x86_64-gcc8 0.0.2 43.00 145.00 188.00 OK
r-patched-linux-x86_64 0.0.2 12.11 121.28 133.39 OK
r-patched-solaris-x86 0.0.2 258.90 NOTE
r-release-linux-x86_64 0.0.2 10.18 119.53 129.71 OK
r-release-windows-ix86+x86_64 0.0.2 23.00 141.00 164.00 OK
r-release-osx-x86_64 0.0.2 NOTE
r-oldrel-windows-ix86+x86_64 0.0.2 12.00 125.00 137.00 OK
r-oldrel-osx-x86_64 0.0.2 NOTE

Check Details

Version: 0.0.2
Check: dependencies in R code
Result: NOTE
    Namespace in Imports field not imported from: ‘lifecycle’
     All declared Imports should be used.
Flavors: r-devel-linux-x86_64-fedora-clang, r-devel-linux-x86_64-fedora-gcc, r-patched-solaris-x86, r-release-osx-x86_64, r-oldrel-osx-x86_64