CRAN Package Check Results for Package textclean

Last updated on 2020-01-27 00:48:25 CET.

Flavor Version Tinstall Tcheck Ttotal Status Flags
r-devel-linux-x86_64-debian-clang 0.9.3 13.90 44.86 58.76 OK
r-devel-linux-x86_64-debian-gcc 0.9.3 12.57 35.31 47.88 OK
r-devel-linux-x86_64-fedora-clang 0.9.3 69.87 NOTE
r-devel-linux-x86_64-fedora-gcc 0.9.3 69.61 NOTE
r-devel-windows-ix86+x86_64 0.9.3 28.00 84.00 112.00 OK
r-devel-windows-ix86+x86_64-gcc8 0.9.3 30.00 86.00 116.00 OK
r-patched-linux-x86_64 0.9.3 13.97 39.55 53.52 OK
r-patched-solaris-x86 0.9.3 99.90 NOTE
r-release-linux-x86_64 0.9.3 13.13 39.72 52.85 OK
r-release-windows-ix86+x86_64 0.9.3 18.00 57.00 75.00 OK
r-release-osx-x86_64 0.9.3 NOTE
r-oldrel-windows-ix86+x86_64 0.9.3 15.00 59.00 74.00 OK
r-oldrel-osx-x86_64 0.9.3 NOTE

Check Details

Version: 0.9.3
Check: dependencies in R code
Result: NOTE
    Namespace in Imports field not imported from: ‘lexicon’
     All declared Imports should be used.
Flavors: r-devel-linux-x86_64-fedora-clang, r-devel-linux-x86_64-fedora-gcc, r-patched-solaris-x86, r-release-osx-x86_64, r-oldrel-osx-x86_64