Last updated on 2020-01-27 00:48:25 CET.
Flavor | Version | Tinstall | Tcheck | Ttotal | Status | Flags |
---|---|---|---|---|---|---|
r-devel-linux-x86_64-debian-clang | 1.1.3 | 127.47 | 135.03 | 262.50 | OK | |
r-devel-linux-x86_64-debian-gcc | 1.1.3 | 105.37 | 110.04 | 215.41 | OK | |
r-devel-linux-x86_64-fedora-clang | 1.1.3 | 351.55 | NOTE | |||
r-devel-linux-x86_64-fedora-gcc | 1.1.3 | 358.25 | OK | |||
r-devel-windows-ix86+x86_64 | 1.1.3 | 279.00 | 256.00 | 535.00 | OK | |
r-devel-windows-ix86+x86_64-gcc8 | 1.1.3 | 289.00 | 203.00 | 492.00 | NOTE | |
r-patched-linux-x86_64 | 1.1.3 | 99.73 | 123.94 | 223.67 | OK | |
r-patched-solaris-x86 | 1.1.3 | 404.80 | OK | |||
r-release-linux-x86_64 | 1.1.3 | 106.72 | 124.77 | 231.49 | OK | |
r-release-windows-ix86+x86_64 | 1.1.3 | 204.00 | 191.00 | 395.00 | OK | |
r-release-osx-x86_64 | 1.1.3 | NOTE | ||||
r-oldrel-windows-ix86+x86_64 | 1.1.3 | 194.00 | 159.00 | 353.00 | OK | |
r-oldrel-osx-x86_64 | 1.1.3 | NOTE |
Version: 1.1.3
Check: installed package size
Result: NOTE
installed size is 16.3Mb
sub-directories of 1Mb or more:
libs 14.9Mb
Flavors: r-devel-linux-x86_64-fedora-clang, r-devel-windows-ix86+x86_64-gcc8, r-release-osx-x86_64, r-oldrel-osx-x86_64