CRAN Package Check Results for Package testextra

Last updated on 2020-01-27 00:48:25 CET.

Flavor Version Tinstall Tcheck Ttotal Status Flags
r-devel-linux-x86_64-debian-clang 0.1.0.1 3.33 30.90 34.23 OK
r-devel-linux-x86_64-debian-gcc 0.1.0.1 2.21 24.76 26.97 OK
r-devel-linux-x86_64-fedora-clang 0.1.0.1 41.64 NOTE
r-devel-linux-x86_64-fedora-gcc 0.1.0.1 41.12 NOTE
r-devel-windows-ix86+x86_64 0.1.0.1 9.00 68.00 77.00 OK
r-devel-windows-ix86+x86_64-gcc8 0.1.0.1 10.00 71.00 81.00 OK
r-patched-linux-x86_64 0.1.0.1 2.18 28.40 30.58 OK
r-patched-solaris-x86 0.1.0.1 59.90 NOTE
r-release-linux-x86_64 0.1.0.1 2.42 28.33 30.75 OK
r-release-windows-ix86+x86_64 0.1.0.1 7.00 48.00 55.00 OK
r-release-osx-x86_64 0.1.0.1 NOTE
r-oldrel-windows-ix86+x86_64 0.1.0.1 5.00 50.00 55.00 OK
r-oldrel-osx-x86_64 0.1.0.1 NOTE

Check Details

Version: 0.1.0.1
Check: dependencies in R code
Result: NOTE
    Namespaces in Imports field not imported from:
     ‘stringi’ ‘utils’
     All declared Imports should be used.
Flavors: r-devel-linux-x86_64-fedora-clang, r-devel-linux-x86_64-fedora-gcc, r-patched-solaris-x86, r-release-osx-x86_64, r-oldrel-osx-x86_64