CRAN Package Check Results for Package tealeaves

Last updated on 2020-01-27 00:48:25 CET.

Flavor Version Tinstall Tcheck Ttotal Status Flags
r-devel-linux-x86_64-debian-clang 1.0.0 4.59 60.94 65.53 OK
r-devel-linux-x86_64-debian-gcc 1.0.0 3.98 47.27 51.25 OK
r-devel-linux-x86_64-fedora-clang 1.0.0 77.42 NOTE
r-devel-linux-x86_64-fedora-gcc 1.0.0 77.06 NOTE
r-devel-windows-ix86+x86_64 1.0.0 12.00 109.00 121.00 OK
r-devel-windows-ix86+x86_64-gcc8 1.0.0 20.00 79.00 99.00 OK
r-patched-linux-x86_64 1.0.0 3.19 54.01 57.20 OK
r-patched-solaris-x86 1.0.0 109.40 NOTE
r-release-linux-x86_64 1.0.0 3.41 54.74 58.15 OK
r-release-windows-ix86+x86_64 1.0.0 8.00 75.00 83.00 WARN
r-release-osx-x86_64 1.0.0 NOTE
r-oldrel-windows-ix86+x86_64 1.0.0 6.00 57.00 63.00 OK
r-oldrel-osx-x86_64 1.0.0 NOTE

Check Details

Version: 1.0.0
Check: dependencies in R code
Result: NOTE
    Namespaces in Imports field not imported from:
     ‘ggplot2’ ‘tidyr’
     All declared Imports should be used.
Flavors: r-devel-linux-x86_64-fedora-clang, r-devel-linux-x86_64-fedora-gcc, r-patched-solaris-x86, r-release-osx-x86_64, r-oldrel-osx-x86_64

Version: 1.0.0
Check: re-building of vignette outputs
Result: WARN
    Error(s) in re-building vignettes:
    --- re-building 'tealeaves-intermediate.Rmd' using rmarkdown
    --- finished re-building 'tealeaves-intermediate.Rmd'
    
    Warning in file(con, "r") :
     cannot open file 'D:\temp\Rtmp2DzSfc\file1ae1064c77e4c': Permission denied
    Error in file(con, "r") : cannot open the connection
    Calls: <Anonymous> -> readLines -> file
    Execution halted
Flavor: r-release-windows-ix86+x86_64