Last updated on 2020-01-27 00:48:24 CET.
Flavor | Version | Tinstall | Tcheck | Ttotal | Status | Flags |
---|---|---|---|---|---|---|
r-devel-linux-x86_64-debian-clang | 0.3-2 | 8.81 | 460.91 | 469.72 | OK | |
r-devel-linux-x86_64-debian-gcc | 0.3-2 | 7.45 | 336.41 | 343.86 | OK | |
r-devel-linux-x86_64-fedora-clang | 0.3-2 | 545.02 | OK | |||
r-devel-linux-x86_64-fedora-gcc | 0.3-2 | 551.70 | OK | |||
r-devel-windows-ix86+x86_64 | 0.3-2 | 25.00 | 600.00 | 625.00 | OK | |
r-devel-windows-ix86+x86_64-gcc8 | 0.3-2 | 30.00 | 493.00 | 523.00 | OK | |
r-patched-linux-x86_64 | 0.3-2 | 7.94 | 409.06 | 417.00 | OK | |
r-patched-solaris-x86 | 0.3-2 | 820.10 | NOTE | |||
r-release-linux-x86_64 | 0.3-2 | 7.15 | 411.70 | 418.85 | OK | |
r-release-windows-ix86+x86_64 | 0.3-2 | 16.00 | 477.00 | 493.00 | OK | |
r-release-osx-x86_64 | 0.3-2 | OK | ||||
r-oldrel-windows-ix86+x86_64 | 0.3-2 | 9.00 | 450.00 | 459.00 | OK | |
r-oldrel-osx-x86_64 | 0.3-2 | OK |
Version: 0.3-2
Check: installed package size
Result: NOTE
installed size is 5.1Mb
sub-directories of 1Mb or more:
doc 1.9Mb
simulations 3.1Mb
Flavor: r-patched-solaris-x86