CRAN Package Check Results for Package tashu

Last updated on 2020-01-27 00:48:24 CET.

Flavor Version Tinstall Tcheck Ttotal Status Flags
r-devel-linux-x86_64-debian-clang 0.1.0 5.70 46.21 51.91 NOTE
r-devel-linux-x86_64-debian-gcc 0.1.0 4.88 35.76 40.64 NOTE
r-devel-linux-x86_64-fedora-clang 0.1.0 64.10 NOTE
r-devel-linux-x86_64-fedora-gcc 0.1.0 60.80 NOTE
r-devel-windows-ix86+x86_64 0.1.0 14.00 89.00 103.00 NOTE
r-devel-windows-ix86+x86_64-gcc8 0.1.0 25.00 61.00 86.00 NOTE
r-patched-linux-x86_64 0.1.0 5.27 41.45 46.72 NOTE
r-patched-solaris-x86 0.1.0 99.30 NOTE
r-release-linux-x86_64 0.1.0 5.06 41.74 46.80 NOTE
r-release-windows-ix86+x86_64 0.1.0 11.00 57.00 68.00 NOTE
r-release-osx-x86_64 0.1.0 NOTE
r-oldrel-windows-ix86+x86_64 0.1.0 7.00 52.00 59.00 NOTE
r-oldrel-osx-x86_64 0.1.0 NOTE

Check Details

Version: 0.1.0
Check: package dependencies
Result: NOTE
    Package suggested but not available for checking: 'tashudata'
Flavors: r-devel-linux-x86_64-debian-clang, r-devel-linux-x86_64-debian-gcc, r-devel-linux-x86_64-fedora-clang, r-devel-linux-x86_64-fedora-gcc, r-devel-windows-ix86+x86_64, r-devel-windows-ix86+x86_64-gcc8, r-patched-linux-x86_64, r-patched-solaris-x86, r-release-linux-x86_64, r-release-windows-ix86+x86_64, r-release-osx-x86_64, r-oldrel-windows-ix86+x86_64, r-oldrel-osx-x86_64

Version: 0.1.0
Check: dependencies in R code
Result: NOTE
    Namespaces in Imports field not imported from:
     ‘drat’ ‘plyr’
     All declared Imports should be used.
Flavors: r-devel-linux-x86_64-fedora-clang, r-devel-linux-x86_64-fedora-gcc, r-patched-solaris-x86, r-release-osx-x86_64, r-oldrel-osx-x86_64