CRAN Package Check Results for Package tailr

Last updated on 2020-01-27 00:48:24 CET.

Flavor Version Tinstall Tcheck Ttotal Status Flags
r-devel-linux-x86_64-debian-clang 0.1.3 2.07 20.99 23.06 NOTE
r-devel-linux-x86_64-debian-gcc 0.1.3 1.66 16.84 18.50 NOTE
r-devel-linux-x86_64-fedora-clang 0.1.3 30.38 NOTE
r-devel-linux-x86_64-fedora-gcc 0.1.3 28.25 NOTE
r-devel-windows-ix86+x86_64 0.1.3 7.00 53.00 60.00 OK
r-devel-windows-ix86+x86_64-gcc8 0.1.3 10.00 49.00 59.00 NOTE
r-patched-linux-x86_64 0.1.3 1.64 19.48 21.12 NOTE
r-patched-solaris-x86 0.1.3 42.70 NOTE
r-release-linux-x86_64 0.1.3 1.60 19.49 21.09 NOTE
r-release-windows-ix86+x86_64 0.1.3 5.00 34.00 39.00 OK
r-release-osx-x86_64 0.1.3 NOTE
r-oldrel-windows-ix86+x86_64 0.1.3 3.00 38.00 41.00 OK
r-oldrel-osx-x86_64 0.1.3 OK

Check Details

Version: 0.1.3
Check: package dependencies
Result: NOTE
    Package suggested but not available for checking: 'pmatch'
Flavors: r-devel-linux-x86_64-debian-clang, r-devel-linux-x86_64-debian-gcc, r-devel-linux-x86_64-fedora-clang, r-devel-linux-x86_64-fedora-gcc, r-devel-windows-ix86+x86_64-gcc8, r-patched-linux-x86_64, r-patched-solaris-x86, r-release-linux-x86_64, r-release-osx-x86_64