CRAN Package Check Results for Package tables

Last updated on 2020-01-27 00:48:24 CET.

Flavor Version Tinstall Tcheck Ttotal Status Flags
r-devel-linux-x86_64-debian-clang 0.8.8 12.32 123.76 136.08 OK
r-devel-linux-x86_64-debian-gcc 0.8.8 10.63 94.41 105.04 OK
r-devel-linux-x86_64-fedora-clang 0.8.8 159.35 OK
r-devel-linux-x86_64-fedora-gcc 0.8.8 158.83 OK
r-devel-windows-ix86+x86_64 0.8.8 48.00 198.00 246.00 OK
r-devel-windows-ix86+x86_64-gcc8 0.8.8 37.00 145.00 182.00 OK
r-patched-linux-x86_64 0.8.8 10.12 108.66 118.78 OK
r-patched-solaris-x86 0.8.8 210.60 WARN
r-release-linux-x86_64 0.8.8 11.36 108.92 120.28 OK
r-release-windows-ix86+x86_64 0.8.8 19.00 136.00 155.00 OK
r-release-osx-x86_64 0.8.8 NOTE
r-oldrel-windows-ix86+x86_64 0.8.8 17.00 120.00 137.00 OK
r-oldrel-osx-x86_64 0.8.8 NOTE

Check Details

Version: 0.8.8
Check: re-building of vignette outputs
Result: WARN
    Error(s) in re-building vignettes:
     ...
    --- re-building ‘HTML.Rmd’ using rmarkdown
    Warning in engine$weave(file, quiet = quiet, encoding = enc) :
     Pandoc (>= 1.12.3) and/or pandoc-citeproc not available. Falling back to R Markdown v1.
    Loading required package: Hmisc
    Loading required package: lattice
    Loading required package: survival
    Loading required package: Formula
    Loading required package: ggplot2
    
    Attaching package: 'Hmisc'
    
    The following objects are masked from 'package:base':
    
     format.pval, units
    
    Quitting from lines 44-45 (HTML.Rmd)
    Error: processing vignette 'HTML.Rmd' failed with diagnostics:
    argument is of length zero
    --- failed re-building ‘HTML.Rmd’
    
    --- re-building ‘tables.Rnw’ using Sweave
    Loading required package: Hmisc
    Loading required package: lattice
    Loading required package: survival
    Loading required package: Formula
    Loading required package: ggplot2
    
    Attaching package: ‘Hmisc’
    
    The following objects are masked from ‘package:base’:
    
     format.pval, units
    
    --- finished re-building ‘tables.Rnw’
    
    SUMMARY: processing the following file failed:
     ‘HTML.Rmd’
    
    Error: Vignette re-building failed.
    Execution halted
Flavor: r-patched-solaris-x86

Version: 0.8.8
Check: re-building of vignette outputs
Result: NOTE
    Error(s) in re-building vignettes:
    --- re-building ‘HTML.Rmd’ using rmarkdown
    Warning in engine$weave(file, quiet = quiet, encoding = enc) :
     Pandoc (>= 1.12.3) and/or pandoc-citeproc not available. Falling back to R Markdown v1.
    Loading required package: Hmisc
    Loading required package: lattice
    Loading required package: survival
    Loading required package: Formula
    Loading required package: ggplot2
    
    Attaching package: 'Hmisc'
    
    The following objects are masked from 'package:base':
    
     format.pval, units
    
    Quitting from lines 44-45 (HTML.Rmd)
    Error: processing vignette 'HTML.Rmd' failed with diagnostics:
    argument is of length zero
    --- failed re-building ‘HTML.Rmd’
    
    --- re-building ‘tables.Rnw’ using Sweave
    Loading required package: Hmisc
    Loading required package: lattice
    Loading required package: survival
    Loading required package: Formula
    Loading required package: ggplot2
    
    Attaching package: ‘Hmisc’
    
    The following objects are masked from ‘package:base’:
    
     format.pval, units
    
    --- finished re-building ‘tables.Rnw’
    
    SUMMARY: processing the following file failed:
     ‘HTML.Rmd’
    
    Error: Vignette re-building failed.
    Execution halted
Flavor: r-release-osx-x86_64

Version: 0.8.8
Check: re-building of vignette outputs
Result: NOTE
    Error in re-building vignettes:
     ...
    Warning in engine$weave(file, quiet = quiet, encoding = enc) :
     Pandoc (>= 1.12.3) and/or pandoc-citeproc not available. Falling back to R Markdown v1.
    Loading required package: Hmisc
    Loading required package: lattice
    Loading required package: survival
    Loading required package: Formula
    Loading required package: ggplot2
    
    Attaching package: 'Hmisc'
    
    The following objects are masked from 'package:base':
    
     format.pval, units
    
    Quitting from lines 44-45 (HTML.Rmd)
    Error: processing vignette 'HTML.Rmd' failed with diagnostics:
    argument is of length zero
    Execution halted
Flavor: r-oldrel-osx-x86_64