Last updated on 2020-01-27 00:48:24 CET.
Flavor | Version | Tinstall | Tcheck | Ttotal | Status | Flags |
---|---|---|---|---|---|---|
r-devel-linux-x86_64-debian-clang | 4.1.1 | 13.65 | 102.41 | 116.06 | OK | |
r-devel-linux-x86_64-debian-gcc | 4.1.1 | 11.51 | 78.15 | 89.66 | OK | |
r-devel-linux-x86_64-fedora-clang | 4.1.1 | 138.11 | NOTE | |||
r-devel-linux-x86_64-fedora-gcc | 4.1.1 | 140.76 | NOTE | |||
r-devel-windows-ix86+x86_64 | 4.1.1 | 38.00 | 141.00 | 179.00 | OK | |
r-devel-windows-ix86+x86_64-gcc8 | 4.1.1 | 34.00 | 106.00 | 140.00 | OK | |
r-patched-linux-x86_64 | 4.1.1 | 12.01 | 89.63 | 101.64 | OK | |
r-patched-solaris-x86 | 4.1.1 | 177.80 | NOTE | |||
r-release-linux-x86_64 | 4.1.1 | 12.07 | 89.28 | 101.35 | OK | |
r-release-windows-ix86+x86_64 | 4.1.1 | 18.00 | 101.00 | 119.00 | OK | |
r-release-osx-x86_64 | 4.1.1 | NOTE | ||||
r-oldrel-windows-ix86+x86_64 | 4.1.1 | 15.00 | 84.00 | 99.00 | OK | |
r-oldrel-osx-x86_64 | 4.1.1 | NOTE |
Version: 4.1.1
Check: dependencies in R code
Result: NOTE
Namespaces in Imports field not imported from:
‘gee’ ‘survival’
All declared Imports should be used.
Flavors: r-devel-linux-x86_64-fedora-clang, r-devel-linux-x86_64-fedora-gcc, r-patched-solaris-x86, r-release-osx-x86_64, r-oldrel-osx-x86_64