CRAN Package Check Results for Package sysid

Last updated on 2020-01-27 00:48:24 CET.

Flavor Version Tinstall Tcheck Ttotal Status Flags
r-devel-linux-x86_64-debian-clang 1.0.4 6.74 60.23 66.97 NOTE
r-devel-linux-x86_64-debian-gcc 1.0.4 5.70 46.41 52.11 NOTE
r-devel-linux-x86_64-fedora-clang 1.0.4 80.31 NOTE
r-devel-linux-x86_64-fedora-gcc 1.0.4 78.62 NOTE
r-devel-windows-ix86+x86_64 1.0.4 32.00 121.00 153.00 OK
r-devel-windows-ix86+x86_64-gcc8 1.0.4 27.00 123.00 150.00 OK
r-patched-linux-x86_64 1.0.4 6.79 53.29 60.08 OK
r-patched-solaris-x86 1.0.4 112.00 OK
r-release-linux-x86_64 1.0.4 5.05 52.80 57.85 OK
r-release-windows-ix86+x86_64 1.0.4 13.00 72.00 85.00 OK
r-release-osx-x86_64 1.0.4 OK
r-oldrel-windows-ix86+x86_64 1.0.4 10.00 78.00 88.00 OK
r-oldrel-osx-x86_64 1.0.4 OK

Check Details

Version: 1.0.4
Check: for non-standard things in the check directory
Result: NOTE
    Found the following files/directories:
     'test.csv'
Flavors: r-devel-linux-x86_64-debian-clang, r-devel-linux-x86_64-debian-gcc, r-devel-linux-x86_64-fedora-clang, r-devel-linux-x86_64-fedora-gcc