CRAN Package Check Results for Package sys

Last updated on 2020-01-27 00:48:24 CET.

Flavor Version Tinstall Tcheck Ttotal Status Flags
r-devel-linux-x86_64-debian-clang 3.3 2.48 22.48 24.96 OK
r-devel-linux-x86_64-debian-gcc 3.3 1.95 18.29 20.24 OK
r-devel-linux-x86_64-fedora-clang 3.3 32.16 OK
r-devel-linux-x86_64-fedora-gcc 3.3 31.19 OK
r-devel-windows-ix86+x86_64 3.3 26.00 87.00 113.00 NOTE
r-devel-windows-ix86+x86_64-gcc8 3.3 19.00 94.00 113.00 NOTE
r-patched-linux-x86_64 3.3 1.73 20.53 22.26 OK
r-patched-solaris-x86 3.3 47.70 OK
r-release-linux-x86_64 3.3 2.11 20.83 22.94 OK
r-release-windows-ix86+x86_64 3.3 10.00 64.00 74.00 NOTE
r-release-osx-x86_64 3.3 OK
r-oldrel-windows-ix86+x86_64 3.3 14.00 79.00 93.00 NOTE
r-oldrel-osx-x86_64 3.3 OK

Check Details

Version: 3.3
Check: package dependencies
Result: NOTE
    Package suggested but not available for checking: 'unix'
Flavors: r-devel-windows-ix86+x86_64, r-devel-windows-ix86+x86_64-gcc8, r-release-windows-ix86+x86_64, r-oldrel-windows-ix86+x86_64