CRAN Package Check Results for Package symmetry

Last updated on 2020-01-27 00:48:24 CET.

Flavor Version Tinstall Tcheck Ttotal Status Flags
r-devel-linux-x86_64-debian-clang 0.1.1 186.85 33.81 220.66 OK
r-devel-linux-x86_64-debian-gcc 0.1.1 108.42 26.80 135.22 OK
r-devel-linux-x86_64-fedora-clang 0.1.1 310.21 NOTE
r-devel-linux-x86_64-fedora-gcc 0.1.1 272.87 OK
r-devel-windows-ix86+x86_64 0.1.1 440.00 106.00 546.00 OK
r-devel-windows-ix86+x86_64-gcc8 0.1.1 460.00 87.00 547.00 OK
r-patched-linux-x86_64 0.1.1 133.47 31.03 164.50 OK
r-patched-solaris-x86 0.1.1 240.80 OK
r-release-linux-x86_64 0.1.1 130.03 31.13 161.16 OK
r-release-windows-ix86+x86_64 0.1.1 317.00 83.00 400.00 OK
r-release-osx-x86_64 0.1.1 OK
r-oldrel-windows-ix86+x86_64 0.1.1 303.00 72.00 375.00 OK
r-oldrel-osx-x86_64 0.1.1 OK

Check Details

Version: 0.1.1
Check: installed package size
Result: NOTE
     installed size is 5.5Mb
     sub-directories of 1Mb or more:
     libs 5.4Mb
Flavor: r-devel-linux-x86_64-fedora-clang